{"id":279488,"date":"2021-10-14T08:35:59","date_gmt":"2021-10-14T08:35:59","guid":{"rendered":"https:\/\/www.sanier.pl\/produkt\/membrana-koster-tpo-fpo-pro-15-mm\/"},"modified":"2025-03-20T08:46:15","modified_gmt":"2025-03-20T08:46:15","slug":"membrana-koster-tpo-fpo-pro-15-mm","status":"publish","type":"product","link":"https:\/\/www.sanier.pl\/sk\/produkt\/membrana-koster-tpo-fpo-pro-15-mm\/","title":{"rendered":"Membrana K\u00d6STER TPO\/FPO PRO- (1,5x20m) (30m2)"},"content":{"rendered":"<p>[vc_row][vc_column][vc_single_image image=\"257849\" img_size=\"medium\" alignment=\"center\" css_animation=\"bounceInDown\"][\/vc_column][\/vc_row][vc_row][vc_column][vc_column_text]<\/p>\n<h1><strong>Membrana K\u00d6STER TPO\/FPO PRO<\/strong><\/h1>\n<p>&nbsp;<\/p>\n<p data-start=\"0\" data-end=\"335\"><strong>Membrana K\u00d6STER TPO\/FPO PRO<\/strong> je stre\u0161n\u00e1 f\u00f3lia vyvinut\u00e1 pre profesion\u00e1lnych dod\u00e1vate\u013eov. Je ur\u010den\u00e1 na pokrytie stre\u0161n\u00fdch kon\u0161trukci\u00ed \u013eahk\u00fdch striech priemyseln\u00fdch objektov. Vyzna\u010duje sa trvanlivos\u0165ou, v\u00fdbornou cenou a ekologick\u00fdm rie\u0161en\u00edm. Produkt TPO PRO v\u00fdznamne prispieva k podpore modern\u00e9ho stavebn\u00e9ho pr\u00edstupu, ktor\u00fd \u0161etr\u00ed suroviny.<\/p>\n<h4 data-start=\"337\" data-end=\"351\">\u00daspora surov\u00edn<\/h4>\n<p data-start=\"353\" data-end=\"565\">Membr\u00e1na K\u00d6STER TPO\/FPO PRO je prv\u00fd produkt tejto zna\u010dky vyroben\u00fd zo surov\u00edn z recykl\u00e1cie near-to-prime. Po uplynut\u00ed mnoh\u00fdch rokov, na konci svojej \u017eivotnosti, membr\u00e1ny K\u00d6STER TPO podliehaj\u00fa \u00fapln\u00e9mu recyklovaniu.<\/p>\n<h4 data-start=\"567\" data-end=\"586\">Ekonomick\u00e9 rie\u0161enie<\/h4>\n<p data-start=\"588\" data-end=\"833\" data-is-last-node=\"\" data-is-only-node=\"\">Dlh\u00e1 \u017eivotnos\u0165 \u2013 viac ako 30 rokov! Pou\u017e\u00edvanie surov\u00edn z recykl\u00e1cie a efekt\u00edvne v\u00fdrobn\u00e9 procesy robia membr\u00e1nu K\u00d6STER TPO PRO obzvl\u00e1\u0161\u0165 ekonomickou. Navy\u0161e v porovnan\u00ed s PVC membr\u00e1nami z\u00edskavame jasn\u00fa cenov\u00fa v\u00fdhodu po\u010das celej \u017eivotnosti krytiny.<\/p>\n<p>[\/vc_column_text][\/vc_column][\/vc_row][vc_row][vc_column][vc_single_image image=\"257855\" img_size=\"full\" alignment=\"center\"][vc_column_text]<\/p>\n<h4 style=\"text-align: center;\" data-start=\"0\" data-end=\"28\">Elastick\u00e9. Bezpe\u010dn\u00e9. Trval\u00e9.<\/h4>\n<p data-start=\"30\" data-end=\"219\" data-is-last-node=\"\" data-is-only-node=\"\">Tieto tri slov\u00e1 popisuj\u00fa vlastnosti materi\u00e1lu TPO (Termoplastick\u00e9 Polyolef\u00edny). Ide o najvhodnej\u0161\u00ed materi\u00e1l na tvorbu stre\u0161n\u00fdch kryt\u00edn, ktor\u00fd umo\u017e\u0148uje r\u00fdchlu a jednoduch\u00fa aplik\u00e1ciu krytiny.<\/p>\n<p>[\/vc_column_text][\/vc_column][\/vc_row][vc_row][vc_column][vc_column_text]<\/p>\n<div class=\"flex max-w-full flex-col flex-grow\">\n<div class=\"min-h-8 text-message relative flex w-full flex-col items-end gap-2 whitespace-normal break-words text-start [.text-message+&amp;]:mt-5\" dir=\"auto\" data-message-author-role=\"assistant\" data-message-id=\"835557e3-bd83-40db-988b-49a7c60c6603\" data-message-model-slug=\"gpt-4o-mini\">\n<div class=\"flex w-full flex-col gap-1 empty:hidden first:pt-[3px]\">\n<p data-start=\"0\" data-end=\"140\">TPO je skratka pre termoplastick\u00e9 poliolef\u00edny. TPO je z\u00edskan\u00e9 z kombin\u00e1cie r\u00f4znych polym\u00e9rov, ako s\u00fa polyetyl\u00e9n, polypropyl\u00e9n a polyuret\u00e1ny.<\/p>\n<p data-start=\"142\" data-end=\"399\">Stre\u0161n\u00e9 f\u00f3lie K\u00d6STER TPO neobsahuj\u00fa PVC a neviazan\u00e9 plastifik\u00e1tory (zm\u00e4k\u010dovadl\u00e1). Preto z tohto materi\u00e1lu nie s\u00fa do prostredia uvo\u013e\u0148ovan\u00e9 zm\u00e4k\u010dovadl\u00e1, v\u010faka \u010domu f\u00f3lia zachov\u00e1va svoju elasticitu a \u010fal\u0161ie parametre po ve\u013emi dlh\u00fa dobu \u2013 aj nieko\u013eko desa\u0165ro\u010d\u00ed.<\/p>\n<p data-start=\"401\" data-end=\"823\" data-is-last-node=\"\" data-is-only-node=\"\">TPO je ekologick\u00fd materi\u00e1l, preto\u017ee m\u00f4\u017ee by\u0165 recyklovan\u00fd, a to aj nieko\u013ekokr\u00e1t. Okrem toho f\u00f3lie TPO neuvo\u013e\u0148uj\u00fa pre \u017eivotn\u00e9 prostredie \u0161kodliv\u00e9 halog\u00e9ny. \u010ealej sa v r\u00e1mci v\u00fdskumov na ryb\u00e1ch preuk\u00e1zalo, \u017ee f\u00f3lie TPO neuvo\u013e\u0148uj\u00fa toxick\u00e9 l\u00e1tky do vody. Pri rekon\u0161trukci\u00e1ch striech m\u00f4\u017eu by\u0165 f\u00f3lie K\u00d6STER TPO pou\u017eit\u00e9 ako na bit\u00famenov\u00fdch stre\u0161n\u00fdch krytin\u00e1ch (z asfaltov\u00fdch p\u00e1sov), tak aj na vrstve termoizola\u010dnej polystyr\u00e9nu EPS.<\/p>\n<\/div>\n<\/div>\n<\/div>\n<div class=\"mb-2 flex gap-3 -ml-2\" tabindex=\"0\">\n<div class=\"flex items-center justify-start rounded-xl p-1\">\n<div class=\"flex items-center\"><\/div>\n<\/div>\n<\/div>\n<p>[\/vc_column_text][\/vc_column][\/vc_row][vc_row][vc_column][vc_column_text]<\/p>\n<h3 data-start=\"0\" data-end=\"7\">Mont\u00e1\u017e:<\/h3>\n<h4 data-start=\"9\" data-end=\"60\">Stre\u0161n\u00e9 f\u00f3lie sa montuj\u00fa na strechu tromi sp\u00f4sobmi:<\/h4>\n<ul data-start=\"62\" data-end=\"154\">\n<li data-start=\"62\" data-end=\"85\">mechanick\u00fdm upevnen\u00edm<\/li>\n<li data-start=\"86\" data-end=\"122\">vo\u013en\u00fdm ulo\u017een\u00edm s tlakovou vrstvou<\/li>\n<li data-start=\"123\" data-end=\"154\">prilepen\u00edm celej plochy f\u00f3lie<\/li>\n<\/ul>\n<p data-start=\"156\" data-end=\"381\">Na ur\u010denie optim\u00e1lnej met\u00f3dy mont\u00e1\u017ee f\u00f3lie je potrebn\u00e9 zv\u00e1\u017ei\u0165 nasleduj\u00face krit\u00e9ri\u00e1: sklony stre\u0161nej plochy, sila vetra, architektonick\u00e9 aspekty, ako s\u00fa zelen\u00e9 strechy, a to, \u010di ide o rekon\u0161trukciu alebo stavbu nov\u00e9ho objektu.<\/p>\n<p data-start=\"383\" data-end=\"585\">Nez\u00e1visle od sp\u00f4sobu mont\u00e1\u017ee f\u00f3lie sa jej presahy zvaruj\u00fa hor\u00facim vzduchom. Zvarovanie nie je len ekologick\u00fdm sp\u00f4sobom spojovania, ale predov\u0161etk\u00fdm zaru\u010duje jednotn\u00fa \u0161trukt\u00faru materi\u00e1lu na mieste zvaru.<\/p>\n<p data-start=\"587\" data-end=\"673\" data-is-last-node=\"\" data-is-only-node=\"\">V\u010faka termoplastick\u00fdm vlastnostiam sa dva p\u00e1sy f\u00f3lie spoja v jeden \u2013 nerozlu\u010dn\u00fd celok.<\/p>\n<p>[\/vc_column_text][\/vc_column][\/vc_row][vc_row][vc_column][vc_single_image image=\"257856\" img_size=\"large\" alignment=\"center\"][vc_column_text]<\/p>\n<h5 style=\"text-align: center;\"><span class=\"HwtZe\" lang=\"sk\"><span class=\"jCAhz ChMk0b\"><span class=\"ryNqvb\">Ak si chcete objedna\u0165 in\u00fd variant TPO membr\u00e1ny, kontaktujte n\u00e1s pros\u00edm telefonicky na \u010d\u00edsle (+48) 12 307 24 98<\/span><\/span><\/span><\/h5>\n<p>[\/vc_column_text][\/vc_column][\/vc_row][vc_row][vc_column][vc_column_text]<\/p>\n<div class=\"vc_row wpb_row vc_row-fluid\">\n<div class=\"wpb_column vc_column_container vc_col-sm-12\">\n<div class=\"vc_column-inner\">\n<div class=\"wpb_wrapper\">\n<div class=\"wpb_text_column wpb_content_element \">\n<div class=\"wpb_wrapper\">\n<div class=\"vc_row wpb_row vc_row-fluid\">\n<div class=\"wpb_column vc_column_container vc_col-sm-12\">\n<div class=\"vc_column-inner\">\n<div class=\"wpb_wrapper\">\n<div class=\"wpb_single_image wpb_content_element vc_align_center\">\n<figure class=\"wpb_wrapper vc_figure\">\n<div class=\"vc_single_image-wrapper vc_box_border_grey\"><\/div>\n<\/figure>\n<\/div>\n<\/div>\n<\/div>\n<\/div>\n<\/div>\n<div class=\"vc_row wpb_row vc_row-fluid\">\n<div class=\"wpb_column vc_column_container vc_col-sm-12\">\n<div class=\"vc_column-inner\">\n<div class=\"wpb_wrapper\">\n<div class=\"wpb_text_column wpb_content_element \">\n<div class=\"wpb_wrapper\">\n<h4 data-start=\"0\" data-end=\"103\">Viac inform\u00e1ci\u00ed o membr\u00e1nach K\u00d6STER TPO\/FPO n\u00e1jdete v na\u0161om sprievodcovi.<\/h4>\n<p data-start=\"0\" data-end=\"103\"><a href=\"https:\/\/www.sanier.pl\/poradniki_sanier\/membrany-koster-tpo\/\">Sprievodca K\u00d6STER TPO\/FPO<\/a><\/p>\n<p data-start=\"105\" data-end=\"122\" data-is-last-node=\"\" data-is-only-node=\"\"><a href=\"https:\/\/www.koester.pl\/files\/pl_pl\/2019_katalog_techniczny.pdf\" target=\"_blank\" rel=\"noopener\">Technick\u00fd katal\u00f3g<\/a><\/p>\n<\/div>\n<\/div>\n<div class=\"wpb_text_column wpb_content_element \">\n<div class=\"wpb_wrapper\">\n<p>&nbsp;<\/p>\n<\/div>\n<\/div>\n<\/div>\n<\/div>\n<\/div>\n<\/div>\n<\/div>\n<\/div>\n<\/div>\n<\/div>\n<\/div>\n<\/div>\n<p>[\/vc_column_text][\/vc_column][\/vc_row]<\/p>\n","protected":false},"excerpt":{"rendered":"<p><strong>Membr\u00e1na K\u00d6STER TPO\/FPO PRO<\/strong> je stre\u0161n\u00e1 f\u00f3lia ur\u010den\u00e1 na pou\u017eitie profesion\u00e1lnymi dod\u00e1vate\u013emi. F\u00f3lia m\u00e1 za \u00falohu \u00fa\u010dinne chr\u00e1ni\u0165 pred vodou a umo\u017e\u0148uje spo\u013eahliv\u00fa mont\u00e1\u017e v novostavb\u00e1ch aj pri renov\u00e1ci\u00e1ch.<\/p>\n","protected":false},"featured_media":270511,"comment_status":"open","ping_status":"closed","template":"","meta":[],"product_brand":[],"product_cat":[876,882,910,913],"product_tag":[890,937,912],"class_list":{"0":"post-279488","1":"product","2":"type-product","3":"status-publish","4":"has-post-thumbnail","6":"product_cat-hydroizolacja-sk","7":"product_cat-hydroizolacje-rolowe-sk","8":"product_cat-koester-sk","9":"product_cat-z-tworzyw-sztucznych-sk","10":"product_tag-hydroizolacja-sk","11":"product_tag-hydroziolacje-sk","12":"product_tag-koester-sk","13":"product_shipping_class-trudna-wysylka-sk","15":"first","16":"onbackorder","17":"taxable","18":"shipping-taxable","19":"purchasable","20":"product-type-simple"},"_links":{"self":[{"href":"https:\/\/www.sanier.pl\/sk\/wp-json\/wp\/v2\/product\/279488","targetHints":{"allow":["GET"]}}],"collection":[{"href":"https:\/\/www.sanier.pl\/sk\/wp-json\/wp\/v2\/product"}],"about":[{"href":"https:\/\/www.sanier.pl\/sk\/wp-json\/wp\/v2\/types\/product"}],"replies":[{"embeddable":true,"href":"https:\/\/www.sanier.pl\/sk\/wp-json\/wp\/v2\/comments?post=279488"}],"wp:featuredmedia":[{"embeddable":true,"href":"https:\/\/www.sanier.pl\/sk\/wp-json\/wp\/v2\/media\/270511"}],"wp:attachment":[{"href":"https:\/\/www.sanier.pl\/sk\/wp-json\/wp\/v2\/media?parent=279488"}],"wp:term":[{"taxonomy":"product_brand","embeddable":true,"href":"https:\/\/www.sanier.pl\/sk\/wp-json\/wp\/v2\/product_brand?post=279488"},{"taxonomy":"product_cat","embeddable":true,"href":"https:\/\/www.sanier.pl\/sk\/wp-json\/wp\/v2\/product_cat?post=279488"},{"taxonomy":"product_tag","embeddable":true,"href":"https:\/\/www.sanier.pl\/sk\/wp-json\/wp\/v2\/product_tag?post=279488"}],"curies":[{"name":"wp","href":"https:\/\/api.w.org\/{rel}","templated":true}]}}

Membrana KÖSTER TPO/FPO PRO- (1,5x20m) (30m2)

<p>[vc_row][vc_column][vc_single_image image="257849" img_size="medium" alignment="center" css_animation="bounceInDown"][/vc_column][/vc_row][vc_row][vc_column][vc_column_text]</p>
<h1><strong>Membrana KÖSTER TPO/FPO PRO</strong></h1>
<p>&nbsp;</p>
<p data-start="0" data-end="335"><strong>Membrana KÖSTER TPO/FPO PRO</strong> je strešná fólia vyvinutá pre profesionálnych dodávateľov. Je určená na pokrytie strešných konštrukcií ľahkých striech priemyselných objektov. Vyznačuje sa trvanlivosťou, výbornou cenou a ekologickým riešením. Produkt TPO PRO významne prispieva k podpore moderného stavebného prístupu, ktorý šetrí suroviny.</p>
<h4 data-start="337" data-end="351">Úspora surovín</h4>
<p data-start="353" data-end="565">Membrána KÖSTER TPO/FPO PRO je prvý produkt tejto značky vyrobený zo surovín z recyklácie near-to-prime. Po uplynutí mnohých rokov, na konci svojej životnosti, membrány KÖSTER TPO podliehajú úplnému recyklovaniu.</p>
<h4 data-start="567" data-end="586">Ekonomické riešenie</h4>
<p data-start="588" data-end="833" data-is-last-node="" data-is-only-node="">Dlhá životnosť – viac ako 30 rokov! Používanie surovín z recyklácie a efektívne výrobné procesy robia membránu KÖSTER TPO PRO obzvlášť ekonomickou. Navyše v porovnaní s PVC membránami získavame jasnú cenovú výhodu počas celej životnosti krytiny.</p>
<p>[/vc_column_text][/vc_column][/vc_row][vc_row][vc_column][vc_single_image image="257855" img_size="full" alignment="center"][vc_column_text]</p>
<h4 style="text-align: center;" data-start="0" data-end="28">Elastické. Bezpečné. Trvalé.</h4>
<p data-start="30" data-end="219" data-is-last-node="" data-is-only-node="">Tieto tri slová popisujú vlastnosti materiálu TPO (Termoplastické Polyolefíny). Ide o najvhodnejší materiál na tvorbu strešných krytín, ktorý umožňuje rýchlu a jednoduchú aplikáciu krytiny.</p>
<p>[/vc_column_text][/vc_column][/vc_row][vc_row][vc_column][vc_column_text]</p>
<div class="flex max-w-full flex-col flex-grow">
<div class="min-h-8 text-message relative flex w-full flex-col items-end gap-2 whitespace-normal break-words text-start [.text-message+&amp;]:mt-5" dir="auto" data-message-author-role="assistant" data-message-id="835557e3-bd83-40db-988b-49a7c60c6603" data-message-model-slug="gpt-4o-mini">
<div class="flex w-full flex-col gap-1 empty:hidden first:pt-[3px]">
<p data-start="0" data-end="140">TPO je skratka pre termoplastické poliolefíny. TPO je získané z kombinácie rôznych polymérov, ako sú polyetylén, polypropylén a polyuretány.</p>
<p data-start="142" data-end="399">Strešné fólie KÖSTER TPO neobsahujú PVC a neviazané plastifikátory (zmäkčovadlá). Preto z tohto materiálu nie sú do prostredia uvoľňované zmäkčovadlá, vďaka čomu fólia zachováva svoju elasticitu a ďalšie parametre po veľmi dlhú dobu – aj niekoľko desaťročí.</p>
<p data-start="401" data-end="823" data-is-last-node="" data-is-only-node="">TPO je ekologický materiál, pretože môže byť recyklovaný, a to aj niekoľkokrát. Okrem toho fólie TPO neuvoľňujú pre životné prostredie škodlivé halogény. Ďalej sa v rámci výskumov na rybách preukázalo, že fólie TPO neuvoľňujú toxické látky do vody. Pri rekonštrukciách striech môžu byť fólie KÖSTER TPO použité ako na bitúmenových strešných krytinách (z asfaltových pásov), tak aj na vrstve termoizolačnej polystyrénu EPS.</p>
</div>
</div>
</div>
<div class="mb-2 flex gap-3 -ml-2" tabindex="0">
<div class="flex items-center justify-start rounded-xl p-1">
<div class="flex items-center"></div>
</div>
</div>
<p>[/vc_column_text][/vc_column][/vc_row][vc_row][vc_column][vc_column_text]</p>
<h3 data-start="0" data-end="7">Montáž:</h3>
<h4 data-start="9" data-end="60">Strešné fólie sa montujú na strechu tromi spôsobmi:</h4>
<ul data-start="62" data-end="154">
<li data-start="62" data-end="85">mechanickým upevnením</li>
<li data-start="86" data-end="122">voľným uložením s tlakovou vrstvou</li>
<li data-start="123" data-end="154">prilepením celej plochy fólie</li>
</ul>
<p data-start="156" data-end="381">Na určenie optimálnej metódy montáže fólie je potrebné zvážiť nasledujúce kritériá: sklony strešnej plochy, sila vetra, architektonické aspekty, ako sú zelené strechy, a to, či ide o rekonštrukciu alebo stavbu nového objektu.</p>
<p data-start="383" data-end="585">Nezávisle od spôsobu montáže fólie sa jej presahy zvarujú horúcim vzduchom. Zvarovanie nie je len ekologickým spôsobom spojovania, ale predovšetkým zaručuje jednotnú štruktúru materiálu na mieste zvaru.</p>
<p data-start="587" data-end="673" data-is-last-node="" data-is-only-node="">Vďaka termoplastickým vlastnostiam sa dva pásy fólie spoja v jeden – nerozlučný celok.</p>
<p>[/vc_column_text][/vc_column][/vc_row][vc_row][vc_column][vc_single_image image="257856" img_size="large" alignment="center"][vc_column_text]</p>
<h5 style="text-align: center;"><span class="HwtZe" lang="sk"><span class="jCAhz ChMk0b"><span class="ryNqvb">Ak si chcete objednať iný variant TPO membrány, kontaktujte nás prosím telefonicky na čísle (+48) 12 307 24 98</span></span></span></h5>
<p>[/vc_column_text][/vc_column][/vc_row][vc_row][vc_column][vc_column_text]</p>
<div class="vc_row wpb_row vc_row-fluid">
<div class="wpb_column vc_column_container vc_col-sm-12">
<div class="vc_column-inner">
<div class="wpb_wrapper">
<div class="wpb_text_column wpb_content_element ">
<div class="wpb_wrapper">
<div class="vc_row wpb_row vc_row-fluid">
<div class="wpb_column vc_column_container vc_col-sm-12">
<div class="vc_column-inner">
<div class="wpb_wrapper">
<div class="wpb_single_image wpb_content_element vc_align_center">
<figure class="wpb_wrapper vc_figure">
<div class="vc_single_image-wrapper vc_box_border_grey"></div>
</figure>
</div>
</div>
</div>
</div>
</div>
<div class="vc_row wpb_row vc_row-fluid">
<div class="wpb_column vc_column_container vc_col-sm-12">
<div class="vc_column-inner">
<div class="wpb_wrapper">
<div class="wpb_text_column wpb_content_element ">
<div class="wpb_wrapper">
<h4 data-start="0" data-end="103">Viac informácií o membránach KÖSTER TPO/FPO nájdete v našom sprievodcovi.</h4>
<p data-start="0" data-end="103"><a href="https://www.sanier.pl/poradniki_sanier/membrany-koster-tpo/">Sprievodca KÖSTER TPO/FPO</a></p>
<p data-start="105" data-end="122" data-is-last-node="" data-is-only-node=""><a href="https://www.koester.pl/files/pl_pl/2019_katalog_techniczny.pdf" target="_blank" rel="noopener">Technický katalóg</a></p>
</div>
</div>
<div class="wpb_text_column wpb_content_element ">
<div class="wpb_wrapper">
<p>&nbsp;</p>
</div>
</div>
</div>
</div>
</div>
</div>
</div>
</div>
</div>
</div>
</div>
</div>
<p>[/vc_column_text][/vc_column][/vc_row]</p>

<p><strong>Membrána KÖSTER TPO/FPO PRO</strong> je strešná fólia určená na použitie profesionálnymi dodávateľmi. Fólia má za úlohu účinne chrániť pred vodou a umožňuje spoľahlivú montáž v novostavbách aj pri renováciách.</p>
