{"id":279383,"date":"2018-12-03T11:04:13","date_gmt":"2018-12-03T11:04:13","guid":{"rendered":"https:\/\/www.sanier.pl\/produkt\/aquafin-2km-plus\/"},"modified":"2025-03-19T08:50:02","modified_gmt":"2025-03-19T08:50:02","slug":"aquafin-2km-plus","status":"publish","type":"product","link":"https:\/\/www.sanier.pl\/sk\/produkt\/aquafin-2km-plus\/","title":{"rendered":"Aquafin 2K\/M-Plus"},"content":{"rendered":"<p><img loading=\"lazy\" decoding=\"async\" class=\"wp-image-257953 size-full aligncenter\" src=\"https:\/\/www.sanier.pl\/wp-content\/uploads\/2018\/12\/Schomburg-Logo_Claim_RGB_PL.jpg\" alt=\"\" width=\"922\" height=\"187\" srcset=\"https:\/\/www.sanier.pl\/wp-content\/uploads\/2018\/12\/Schomburg-Logo_Claim_RGB_PL.jpg 922w, https:\/\/www.sanier.pl\/wp-content\/uploads\/2018\/12\/Schomburg-Logo_Claim_RGB_PL-800x162.jpg 800w, https:\/\/www.sanier.pl\/wp-content\/uploads\/2018\/12\/Schomburg-Logo_Claim_RGB_PL-300x61.jpg 300w, https:\/\/www.sanier.pl\/wp-content\/uploads\/2018\/12\/Schomburg-Logo_Claim_RGB_PL-768x156.jpg 768w, https:\/\/www.sanier.pl\/wp-content\/uploads\/2018\/12\/Schomburg-Logo_Claim_RGB_PL-848x172.jpg 848w, https:\/\/www.sanier.pl\/wp-content\/uploads\/2018\/12\/Schomburg-Logo_Claim_RGB_PL-700x142.jpg 700w\" sizes=\"auto, (max-width:767px) 700px, (max-width:922px) 100vw, 922px\" \/><\/p>\n<h2 data-start=\"0\" data-end=\"75\"><strong data-start=\"0\" data-end=\"75\">Aquafin 2K\/M-Plus - mostkuj\u00faca praskliny, miner\u00e1lna hydroizola\u010dn\u00e1 malta<\/strong><\/h2>\n<p data-start=\"77\" data-end=\"613\">Aquafin 2K je dvojzlo\u017ekov\u00e1, miner\u00e1lna hydroizola\u010dn\u00e1 malta. Produkt odoln\u00fd vo\u010di UV \u017eiareniu a starnutiu. Elastick\u00e1, bez\u0161vov\u00e1 a bezspojov\u00e1 malta na mostkovanie praskl\u00edn. Ur\u010den\u00e1 na utes\u0148ovanie stien a podl\u00e1h pivn\u00edc a z\u00e1kladov, ale m\u00f4\u017ee by\u0165 pou\u017eit\u00e1 na v\u0161etky nosn\u00e9 podklady v stavebn\u00edctve. Produkt odoln\u00fd proti za\u0165a\u017eeniu vodou pod negat\u00edvnym tlakom a soliam na odmrazovanie. Aquafin 2K\/M-Plus sa nan\u00e1\u0161a na zabr\u00e1nenie negat\u00edvnym \u00fa\u010dinkom podzemnej vody (aj pod tlakom) a na utesnenie horizont\u00e1lnych m\u00farov a zelen\u00fdch stropov podzemn\u00fdch gar\u00e1\u017e\u00ed.<\/p>\n<h4 data-start=\"615\" data-end=\"647\"><strong data-start=\"615\" data-end=\"647\">Vlastnosti Aquafin 2K\/M-Plus<\/strong><\/h4>\n<ul data-start=\"649\" data-end=\"1253\">\n<li data-start=\"649\" data-end=\"686\">bez\u0161vov\u00e1 a bezspojov\u00e1 hydroizol\u00e1cia<\/li>\n<li data-start=\"687\" data-end=\"707\">mostkuje praskliny<\/li>\n<li data-start=\"708\" data-end=\"719\">elastick\u00e1<\/li>\n<li data-start=\"720\" data-end=\"769\">ur\u010den\u00e1 pre v\u0161etky nosn\u00e9 podklady v stavebn\u00edctve<\/li>\n<li data-start=\"770\" data-end=\"840\">pri\u013ene (k vlhk\u00fdm podkladom) bez predch\u00e1dzaj\u00faceho penetra\u010dn\u00e9ho n\u00e1teru<\/li>\n<li data-start=\"841\" data-end=\"850\">dif\u00fazna<\/li>\n<li data-start=\"851\" data-end=\"914\">odoln\u00e1 vo\u010di poveternostn\u00fdm vplyvom, ako je mr\u00e1z a UV \u017eiarenie<\/li>\n<li data-start=\"915\" data-end=\"952\">odoln\u00e1 proti soliam na odmrazovanie<\/li>\n<li data-start=\"953\" data-end=\"976\">odoln\u00e1 vo\u010di starnutiu<\/li>\n<li data-start=\"977\" data-end=\"1038\">hydroizol\u00e1cia stavebn\u00fdch prvkov pod\u013ea DIN 18533 a DIN 18535<\/li>\n<li data-start=\"1039\" data-end=\"1091\">odoln\u00e1 proti za\u0165a\u017eeniu vodou pod negat\u00edvnym tlakom<\/li>\n<li data-start=\"1092\" data-end=\"1169\">utesnenie spojen\u00e9 (AIV) pod\u013ea DIN 18531, DIN 18534, DIN 18535, DIN EN 14891<\/li>\n<li data-start=\"1170\" data-end=\"1198\">CM O1 P pod\u013ea DIN EN 14891<\/li>\n<li data-start=\"1199\" data-end=\"1253\">odoln\u00e1 proti agres\u00edvnej vode na bet\u00f3n pod\u013ea DIN 4030<\/li>\n<\/ul>\n<h4 data-start=\"1255\" data-end=\"1285\"><strong data-start=\"1255\" data-end=\"1285\">Pou\u017eitie Aquafin 2K\/M-Plus<\/strong><\/h4>\n<ul data-start=\"1287\" data-end=\"2221\">\n<li data-start=\"1287\" data-end=\"1490\">hydroizol\u00e1cia stavebn\u00fdch prvkov, ktor\u00e9 sa stret\u00e1vaj\u00fa so zemou, hydroizol\u00e1cia v oblasti z\u00e1kladov a utesnenie prie\u010dneho rezu pod a v m\u00faroch pod\u013ea DIN 18533 v triedach p\u00f4sobenia vody W1.1-E, W1.2-E a W4-E<\/li>\n<li data-start=\"1491\" data-end=\"1660\">dodato\u010dn\u00e1 hydroizol\u00e1cia stavebn\u00fdch prvkov pod\u013ea pokynov WTA 4-6 chr\u00e1niaca pred podzemnou vlhkos\u0165ou, ne tlakuj\u00facou vodou a vodou pod tlakom (pri vhodn\u00fdch kon\u0161trukci\u00e1ch)<\/li>\n<li data-start=\"1661\" data-end=\"1768\">utesnenie spojen\u00e9 v oblasti tried p\u00f4sobenia vody od W0-I do W3-I bez chemick\u00e9ho p\u00f4sobenia pod\u013ea DIN 18534<\/li>\n<li data-start=\"1769\" data-end=\"1846\">v exteri\u00e9ri ako hydroizol\u00e1cia na balk\u00f3noch, lod\u017ei\u00e1ch a pod. pod\u013ea DIN 18531<\/li>\n<li data-start=\"1847\" data-end=\"1930\">utesnenie n\u00e1dr\u017e\u00ed a baz\u00e9nov do triedy p\u00f4sobenia vody W2-B pod\u013ea DIN 18535, do 10 m<\/li>\n<li data-start=\"1931\" data-end=\"2221\"><strong data-start=\"1933\" data-end=\"1954\">AQUAFIN-2K\/M-PLUS<\/strong> sa vyzna\u010duje ve\u013emi n\u00edzkymi emisiami pod\u013ea GEV-EMICODE a je hodnoten\u00fd pozit\u00edvne prostredn\u00edctvom viackrit\u00e9riov\u00fdch certifika\u010dn\u00fdch syst\u00e9mov ako DGNB, LEED, BREEAM, HQE. Najvy\u0161\u0161ia \u00farove\u0148 kvality 4, riadky 7 a 8 pod\u013ea krit\u00e9ria DGNB \"ENV 1.2 ohrozenie miestneho prostredia\"<\/li>\n<\/ul>\n<h4 data-start=\"2223\" data-end=\"2235\"><strong data-start=\"2223\" data-end=\"2235\">Spotreba<\/strong><\/h4>\n<ul data-start=\"2237\" data-end=\"2299\">\n<li data-start=\"2237\" data-end=\"2299\">kompletn\u00fd zoznam spotreby je k dispoz\u00edcii v technickom liste<\/li>\n<\/ul>\n<p data-start=\"2301\" data-end=\"2337\" data-is-last-node=\"\" data-is-only-node=\"\"><a href=\"https:\/\/sanier.pl\/wp-content\/uploads\/2018\/12\/IT-AQUAFIN-2KM-PLUS.pdf\" target=\"_blank\" rel=\"noopener\"><strong data-start=\"2301\" data-end=\"2337\" data-is-last-node=\"\">Technick\u00fd list Aquafin 2K\/M-Plus<\/strong><\/a><\/p>\n<p>&nbsp;<\/p>\n","protected":false},"excerpt":{"rendered":"<p><span class=\"HwtZe\" lang=\"sk\"><span class=\"jCAhz ChMk0b\"><span class=\"ryNqvb\">Dvojzlo\u017ekov\u00e1 miner\u00e1lna hydroizola\u010dn\u00e1 malta na premostenie trhl\u00edn<\/span><\/span><\/span><\/p>\n","protected":false},"featured_media":265555,"comment_status":"open","ping_status":"closed","template":"","meta":[],"product_brand":[],"product_cat":[876,881,879,949,939,921,920,885,899,884,1045,911,954,1074,916],"product_tag":[890,891,1075],"class_list":{"0":"post-279383","1":"product","2":"type-product","3":"status-publish","4":"has-post-thumbnail","6":"product_cat-hydroizolacja-sk","7":"product_cat-hydroizolacja-balkonu-i-tarasu-sk","8":"product_cat-hydroizolacja-fundamentu-sk","9":"product_cat-hydroizolacje-mineralne-sk","10":"product_cat-hydroizolacje-mineralne-hydroizolacja-balkonu-i-tarasu-sk","11":"product_cat-hydroizolacje-powlokowe-sk","12":"product_cat-hydroizolacje-zbiornikow-i-kanalizacji-sk","13":"product_cat-hydroizolacje-lazienek-i-pomieszczen-mokrych-sk","14":"product_cat-mineralne-materialy-sk","15":"product_cat-materialy-wykonczeniowe-sk","16":"product_cat-producenci-sk","17":"product_cat-promowane-sk","18":"product_cat-przejscia-instalacyjne-sk","19":"product_cat-schomburg-sk","20":"product_cat-uszczelnienie-budynku-od-wewnatrz-sk","21":"product_tag-hydroizolacja-sk","22":"product_tag-hydroizolacje-sk","23":"product_tag-schomburg-sk","24":"product_shipping_class-trudna-wysylka-sk","26":"first","27":"instock","28":"taxable","29":"shipping-taxable","30":"purchasable","31":"product-type-simple"},"_links":{"self":[{"href":"https:\/\/www.sanier.pl\/sk\/wp-json\/wp\/v2\/product\/279383","targetHints":{"allow":["GET"]}}],"collection":[{"href":"https:\/\/www.sanier.pl\/sk\/wp-json\/wp\/v2\/product"}],"about":[{"href":"https:\/\/www.sanier.pl\/sk\/wp-json\/wp\/v2\/types\/product"}],"replies":[{"embeddable":true,"href":"https:\/\/www.sanier.pl\/sk\/wp-json\/wp\/v2\/comments?post=279383"}],"wp:featuredmedia":[{"embeddable":true,"href":"https:\/\/www.sanier.pl\/sk\/wp-json\/wp\/v2\/media\/265555"}],"wp:attachment":[{"href":"https:\/\/www.sanier.pl\/sk\/wp-json\/wp\/v2\/media?parent=279383"}],"wp:term":[{"taxonomy":"product_brand","embeddable":true,"href":"https:\/\/www.sanier.pl\/sk\/wp-json\/wp\/v2\/product_brand?post=279383"},{"taxonomy":"product_cat","embeddable":true,"href":"https:\/\/www.sanier.pl\/sk\/wp-json\/wp\/v2\/product_cat?post=279383"},{"taxonomy":"product_tag","embeddable":true,"href":"https:\/\/www.sanier.pl\/sk\/wp-json\/wp\/v2\/product_tag?post=279383"}],"curies":[{"name":"wp","href":"https:\/\/api.w.org\/{rel}","templated":true}]}}

<p><img loading="lazy" decoding="async" class="wp-image-257953 size-full aligncenter" src="https://www.sanier.pl/wp-content/uploads/2018/12/Schomburg-Logo_Claim_RGB_PL.jpg" alt="" width="922" height="187" srcset="https://www.sanier.pl/wp-content/uploads/2018/12/Schomburg-Logo_Claim_RGB_PL.jpg 922w, https://www.sanier.pl/wp-content/uploads/2018/12/Schomburg-Logo_Claim_RGB_PL-800x162.jpg 800w, https://www.sanier.pl/wp-content/uploads/2018/12/Schomburg-Logo_Claim_RGB_PL-300x61.jpg 300w, https://www.sanier.pl/wp-content/uploads/2018/12/Schomburg-Logo_Claim_RGB_PL-768x156.jpg 768w, https://www.sanier.pl/wp-content/uploads/2018/12/Schomburg-Logo_Claim_RGB_PL-848x172.jpg 848w, https://www.sanier.pl/wp-content/uploads/2018/12/Schomburg-Logo_Claim_RGB_PL-700x142.jpg 700w" sizes="auto, (max-width:767px) 700px, (max-width:922px) 100vw, 922px" /></p>
<h2 data-start="0" data-end="75"><strong data-start="0" data-end="75">Aquafin 2K/M-Plus - mostkujúca praskliny, minerálna hydroizolačná malta</strong></h2>
<p data-start="77" data-end="613">Aquafin 2K je dvojzložková, minerálna hydroizolačná malta. Produkt odolný voči UV žiareniu a starnutiu. Elastická, bezšvová a bezspojová malta na mostkovanie prasklín. Určená na utesňovanie stien a podláh pivníc a základov, ale môže byť použitá na všetky nosné podklady v stavebníctve. Produkt odolný proti zaťaženiu vodou pod negatívnym tlakom a soliam na odmrazovanie. Aquafin 2K/M-Plus sa nanáša na zabránenie negatívnym účinkom podzemnej vody (aj pod tlakom) a na utesnenie horizontálnych múrov a zelených stropov podzemných garáží.</p>
<h4 data-start="615" data-end="647"><strong data-start="615" data-end="647">Vlastnosti Aquafin 2K/M-Plus</strong></h4>
<ul data-start="649" data-end="1253">
<li data-start="649" data-end="686">bezšvová a bezspojová hydroizolácia</li>
<li data-start="687" data-end="707">mostkuje praskliny</li>
<li data-start="708" data-end="719">elastická</li>
<li data-start="720" data-end="769">určená pre všetky nosné podklady v stavebníctve</li>
<li data-start="770" data-end="840">priľne (k vlhkým podkladom) bez predchádzajúceho penetračného náteru</li>
<li data-start="841" data-end="850">difúzna</li>
<li data-start="851" data-end="914">odolná voči poveternostným vplyvom, ako je mráz a UV žiarenie</li>
<li data-start="915" data-end="952">odolná proti soliam na odmrazovanie</li>
<li data-start="953" data-end="976">odolná voči starnutiu</li>
<li data-start="977" data-end="1038">hydroizolácia stavebných prvkov podľa DIN 18533 a DIN 18535</li>
<li data-start="1039" data-end="1091">odolná proti zaťaženiu vodou pod negatívnym tlakom</li>
<li data-start="1092" data-end="1169">utesnenie spojené (AIV) podľa DIN 18531, DIN 18534, DIN 18535, DIN EN 14891</li>
<li data-start="1170" data-end="1198">CM O1 P podľa DIN EN 14891</li>
<li data-start="1199" data-end="1253">odolná proti agresívnej vode na betón podľa DIN 4030</li>
</ul>
<h4 data-start="1255" data-end="1285"><strong data-start="1255" data-end="1285">Použitie Aquafin 2K/M-Plus</strong></h4>
<ul data-start="1287" data-end="2221">
<li data-start="1287" data-end="1490">hydroizolácia stavebných prvkov, ktoré sa stretávajú so zemou, hydroizolácia v oblasti základov a utesnenie priečneho rezu pod a v múroch podľa DIN 18533 v triedach pôsobenia vody W1.1-E, W1.2-E a W4-E</li>
<li data-start="1491" data-end="1660">dodatočná hydroizolácia stavebných prvkov podľa pokynov WTA 4-6 chrániaca pred podzemnou vlhkosťou, ne tlakujúcou vodou a vodou pod tlakom (pri vhodných konštrukciách)</li>
<li data-start="1661" data-end="1768">utesnenie spojené v oblasti tried pôsobenia vody od W0-I do W3-I bez chemického pôsobenia podľa DIN 18534</li>
<li data-start="1769" data-end="1846">v exteriéri ako hydroizolácia na balkónoch, lodžiách a pod. podľa DIN 18531</li>
<li data-start="1847" data-end="1930">utesnenie nádrží a bazénov do triedy pôsobenia vody W2-B podľa DIN 18535, do 10 m</li>
<li data-start="1931" data-end="2221"><strong data-start="1933" data-end="1954">AQUAFIN-2K/M-PLUS</strong> sa vyznačuje veľmi nízkymi emisiami podľa GEV-EMICODE a je hodnotený pozitívne prostredníctvom viackritériových certifikačných systémov ako DGNB, LEED, BREEAM, HQE. Najvyššia úroveň kvality 4, riadky 7 a 8 podľa kritéria DGNB "ENV 1.2 ohrozenie miestneho prostredia"</li>
</ul>
<h4 data-start="2223" data-end="2235"><strong data-start="2223" data-end="2235">Spotreba</strong></h4>
<ul data-start="2237" data-end="2299">
<li data-start="2237" data-end="2299">kompletný zoznam spotreby je k dispozícii v technickom liste</li>
</ul>
<p data-start="2301" data-end="2337" data-is-last-node="" data-is-only-node=""><a href="https://sanier.pl/wp-content/uploads/2018/12/IT-AQUAFIN-2KM-PLUS.pdf" target="_blank" rel="noopener"><strong data-start="2301" data-end="2337" data-is-last-node="">Technický list Aquafin 2K/M-Plus</strong></a></p>
<p>&nbsp;</p>

<p><span class="HwtZe" lang="sk"><span class="jCAhz ChMk0b"><span class="ryNqvb">Dvojzložková minerálna hydroizolačná malta na premostenie trhlín</span></span></span></p>
