{"id":279294,"date":"2017-04-11T09:39:55","date_gmt":"2017-04-11T09:39:55","guid":{"rendered":"https:\/\/www.sanier.pl\/produkt\/adesilex-p9\/"},"modified":"2025-03-17T09:27:13","modified_gmt":"2025-03-17T09:27:13","slug":"adesilex-p9","status":"publish","type":"product","link":"https:\/\/www.sanier.pl\/sk\/produkt\/adesilex-p9\/","title":{"rendered":"Adesilex P9"},"content":{"rendered":"<p>[vc_row][vc_column][vc_column_text]<img loading=\"lazy\" decoding=\"async\" class=\"size-full wp-image-3298 aligncenter\" src=\"https:\/\/sanier.pl\/wp-content\/uploads\/2017\/03\/mapei_logo-e1491162400179.jpg\" alt=\"mapei_logo\" width=\"300\" height=\"75\" \/><\/p>\n<h1>Adesilex P9<\/h1>\n<p data-start=\"0\" data-end=\"286\">Adesilex P9 je vodoodoln\u00e1 a mrazuvzdorn\u00e1 cementov\u00e1 lepiaca malta, dostupn\u00e1 v bielej alebo sivej farbe. Sklad\u00e1 sa z vhodne vybran\u00fdch \u0161trkov, syntetick\u00fdch \u017eiv\u00edc a \u0161peci\u00e1lnych pr\u00edsad, vytvoren\u00e1 pod\u013ea recept\u00far vyvinut\u00fdch v laborat\u00f3ri\u00e1ch MAPEI. Po zmie\u0161an\u00ed s vodou m\u00e1 nasleduj\u00face vlastnosti:<\/p>\n<ul data-start=\"287\" data-end=\"586\">\n<li data-start=\"287\" data-end=\"318\">\u013eahk\u00e1 na pr\u00edpravu a aplik\u00e1ciu<\/li>\n<li data-start=\"319\" data-end=\"390\">zn\u00ed\u017een\u00fd sklz umo\u017e\u0148uj\u00faci mont\u00e1\u017e dla\u017ed\u00edc zhora bez efektu ich pos\u00favania<\/li>\n<li data-start=\"391\" data-end=\"507\">pred\u013a\u017een\u00fd \u010das otvoren\u00e9ho schnutia, \u010do umo\u017e\u0148uje nanesenie lepidla na v\u00e4\u010d\u0161iu plochu naraz, \u010d\u00edm sa skr\u00e1ti \u010das mont\u00e1\u017ee<\/li>\n<li data-start=\"508\" data-end=\"586\">vysok\u00e1 po\u010diato\u010dn\u00e1 pri\u013enavos\u0165 a vysok\u00e1 odolnos\u0165 proti intenz\u00edvnemu pou\u017e\u00edvaniu<\/li>\n<\/ul>\n<h4 data-start=\"588\" data-end=\"597\">Pou\u017eitie:<\/h4>\n<p data-start=\"599\" data-end=\"1412\">Lepidlo Adesilex P9 je ur\u010den\u00e9 na tenkovrstvov\u00e9 lepenie keramick\u00fdch dla\u017ed\u00edc (glaz\u00fary, terakoty, gresu, klinkeru, kamennej dla\u017eby, mozaiky keramickej) a kamenn\u00fdch a bet\u00f3nov\u00fdch dla\u017ed\u00edc (pokia\u013e nie s\u00fa citliv\u00e9 na vlhkos\u0165) v interi\u00e9roch a exteri\u00e9roch na vertik\u00e1lnych a horizont\u00e1lnych ploch\u00e1ch. Je odpor\u00fa\u010dan\u00e9 najm\u00e4 na mont\u00e1\u017e mal\u00fdch a stredne ve\u013ek\u00fdch dla\u017ed\u00edc na povrchoch vystaven\u00fdch intenz\u00edvnemu pou\u017e\u00edvaniu a nepriazniv\u00fdm poveternostn\u00fdm podmienkam (schodisk\u00e1, komer\u010dn\u00e9 plochy, podlahov\u00e9 vykurovanie, balk\u00f3ny, terasy, fas\u00e1dy a pod.). Je tie\u017e vhodn\u00e9 na lepenie izola\u010dn\u00fdch materi\u00e1lov, ako s\u00fa polystyr\u00e9nov\u00e9 dosky, dosky z miner\u00e1lnej a sklenenej vlny, Eraclit, akustick\u00e9 dosky a pod. Biele lepidlo Adesilex P9 je najm\u00e4 ur\u010den\u00e9 na pou\u017eitie tam, kde je potrebn\u00e9 zachova\u0165 vysok\u00fa estetiku pr\u00e1ce z d\u00f4vodu typu pou\u017eit\u00fdch materi\u00e1lov.<\/p>\n<h4 data-start=\"1414\" data-end=\"1423\">Spotreba:<\/h4>\n<ul data-start=\"1424\" data-end=\"1437\" data-is-last-node=\"\" data-is-only-node=\"\">\n<li data-start=\"1424\" data-end=\"1437\" data-is-last-node=\"\">2 - 5 kg\/m\u00b2<\/li>\n<\/ul>\n<p><a href=\"https:\/\/sanier.pl\/wp-content\/uploads\/2017\/04\/0102-adesilexp9-pl.pdf\" target=\"_blank\" rel=\"noopener\"><span class=\"HwtZe\" lang=\"sk\"><span class=\"jCAhz ChMk0b\"><span class=\"ryNqvb\">Technick\u00fd list Adesilex P9<\/span><\/span><\/span><\/a>[\/vc_column_text][\/vc_column][\/vc_row]<\/p>\n","protected":false},"excerpt":{"rendered":"<p><strong>Adesilex P9<\/strong> je cementov\u00e9 lepidlo na tenkovrstvov\u00fa mont\u00e1\u017e keramick\u00fdch, kamenn\u00fdch a bet\u00f3nov\u00fdch dla\u017ed\u00edc na vn\u00fatorn\u00fdch a vonkaj\u0161\u00edch povrchoch. Vyzna\u010duje sa \u013eahkou aplik\u00e1ciou, zn\u00ed\u017een\u00fdm sklzom a pred\u013a\u017een\u00fdm otvoren\u00fdm \u010dasom. Vynikaj\u00face na obklady mal\u00fdch a stredne ve\u013ek\u00fdch form\u00e1tov, aj na intenz\u00edvne pou\u017e\u00edvan\u00fdch povrchoch, ako s\u00fa terasy, fas\u00e1dy alebo podlahov\u00e9 vykurovanie. Dostupn\u00e9 v sivej a bielej verzii, ide\u00e1lne pre estetick\u00e9 povrchov\u00e9 \u00fapravy. Spotreba: 2\u20135 kg\/m\u00b2.<\/p>\n","protected":false},"featured_media":264955,"comment_status":"open","ping_status":"closed","template":"","meta":[],"product_brand":[],"product_cat":[1035,940,884],"product_tag":[941],"class_list":{"0":"post-279294","1":"product","2":"type-product","3":"status-publish","4":"has-post-thumbnail","6":"product_cat-kleje-fugi-silikony-sk","7":"product_cat-mapei-sk","8":"product_cat-materialy-wykonczeniowe-sk","9":"product_tag-mapei-sk","10":"product_shipping_class-latwa-wysylka-sk","12":"first","13":"instock","14":"taxable","15":"shipping-taxable","16":"purchasable","17":"product-type-simple"},"_links":{"self":[{"href":"https:\/\/www.sanier.pl\/sk\/wp-json\/wp\/v2\/product\/279294","targetHints":{"allow":["GET"]}}],"collection":[{"href":"https:\/\/www.sanier.pl\/sk\/wp-json\/wp\/v2\/product"}],"about":[{"href":"https:\/\/www.sanier.pl\/sk\/wp-json\/wp\/v2\/types\/product"}],"replies":[{"embeddable":true,"href":"https:\/\/www.sanier.pl\/sk\/wp-json\/wp\/v2\/comments?post=279294"}],"wp:featuredmedia":[{"embeddable":true,"href":"https:\/\/www.sanier.pl\/sk\/wp-json\/wp\/v2\/media\/264955"}],"wp:attachment":[{"href":"https:\/\/www.sanier.pl\/sk\/wp-json\/wp\/v2\/media?parent=279294"}],"wp:term":[{"taxonomy":"product_brand","embeddable":true,"href":"https:\/\/www.sanier.pl\/sk\/wp-json\/wp\/v2\/product_brand?post=279294"},{"taxonomy":"product_cat","embeddable":true,"href":"https:\/\/www.sanier.pl\/sk\/wp-json\/wp\/v2\/product_cat?post=279294"},{"taxonomy":"product_tag","embeddable":true,"href":"https:\/\/www.sanier.pl\/sk\/wp-json\/wp\/v2\/product_tag?post=279294"}],"curies":[{"name":"wp","href":"https:\/\/api.w.org\/{rel}","templated":true}]}}

<p>[vc_row][vc_column][vc_column_text]<img loading="lazy" decoding="async" class="size-full wp-image-3298 aligncenter" src="https://sanier.pl/wp-content/uploads/2017/03/mapei_logo-e1491162400179.jpg" alt="mapei_logo" width="300" height="75" /></p>
<h1>Adesilex P9</h1>
<p data-start="0" data-end="286">Adesilex P9 je vodoodolná a mrazuvzdorná cementová lepiaca malta, dostupná v bielej alebo sivej farbe. Skladá sa z vhodne vybraných štrkov, syntetických živíc a špeciálnych prísad, vytvorená podľa receptúr vyvinutých v laboratóriách MAPEI. Po zmiešaní s vodou má nasledujúce vlastnosti:</p>
<ul data-start="287" data-end="586">
<li data-start="287" data-end="318">ľahká na prípravu a aplikáciu</li>
<li data-start="319" data-end="390">znížený sklz umožňujúci montáž dlaždíc zhora bez efektu ich posúvania</li>
<li data-start="391" data-end="507">predĺžený čas otvoreného schnutia, čo umožňuje nanesenie lepidla na väčšiu plochu naraz, čím sa skráti čas montáže</li>
<li data-start="508" data-end="586">vysoká počiatočná priľnavosť a vysoká odolnosť proti intenzívnemu používaniu</li>
</ul>
<h4 data-start="588" data-end="597">Použitie:</h4>
<p data-start="599" data-end="1412">Lepidlo Adesilex P9 je určené na tenkovrstvové lepenie keramických dlaždíc (glazúry, terakoty, gresu, klinkeru, kamennej dlažby, mozaiky keramickej) a kamenných a betónových dlaždíc (pokiaľ nie sú citlivé na vlhkosť) v interiéroch a exteriéroch na vertikálnych a horizontálnych plochách. Je odporúčané najmä na montáž malých a stredne veľkých dlaždíc na povrchoch vystavených intenzívnemu používaniu a nepriaznivým poveternostným podmienkam (schodiská, komerčné plochy, podlahové vykurovanie, balkóny, terasy, fasády a pod.). Je tiež vhodné na lepenie izolačných materiálov, ako sú polystyrénové dosky, dosky z minerálnej a sklenenej vlny, Eraclit, akustické dosky a pod. Biele lepidlo Adesilex P9 je najmä určené na použitie tam, kde je potrebné zachovať vysokú estetiku práce z dôvodu typu použitých materiálov.</p>
<h4 data-start="1414" data-end="1423">Spotreba:</h4>
<ul data-start="1424" data-end="1437" data-is-last-node="" data-is-only-node="">
<li data-start="1424" data-end="1437" data-is-last-node="">2 - 5 kg/m²</li>
</ul>
<p><a href="https://sanier.pl/wp-content/uploads/2017/04/0102-adesilexp9-pl.pdf" target="_blank" rel="noopener"><span class="HwtZe" lang="sk"><span class="jCAhz ChMk0b"><span class="ryNqvb">Technický list Adesilex P9</span></span></span></a>[/vc_column_text][/vc_column][/vc_row]</p>

<p><strong>Adesilex P9</strong> je cementové lepidlo na tenkovrstvovú montáž keramických, kamenných a betónových dlaždíc na vnútorných a vonkajších povrchoch. Vyznačuje sa ľahkou aplikáciou, zníženým sklzom a predĺženým otvoreným časom. Vynikajúce na obklady malých a stredne veľkých formátov, aj na intenzívne používaných povrchoch, ako sú terasy, fasády alebo podlahové vykurovanie. Dostupné v sivej a bielej verzii, ideálne pre estetické povrchové úpravy. Spotreba: 2–5 kg/m².</p>
