{"id":279254,"date":"2017-04-11T15:18:23","date_gmt":"2017-04-11T15:18:23","guid":{"rendered":"https:\/\/www.sanier.pl\/produkt\/uni-grunt\/"},"modified":"2025-03-14T12:13:51","modified_gmt":"2025-03-14T12:13:51","slug":"uni-grunt","status":"publish","type":"product","link":"https:\/\/www.sanier.pl\/sk\/produkt\/uni-grunt\/","title":{"rendered":"Uni-Grunt"},"content":{"rendered":"<p><img loading=\"lazy\" decoding=\"async\" class=\"wp-image-4003 aligncenter\" src=\"https:\/\/sanier.pl\/wp-content\/uploads\/2017\/04\/atlas_logo_670.jpg\" alt=\"atlas_logo_670\" width=\"232\" height=\"112\" srcset=\"https:\/\/www.sanier.pl\/wp-content\/uploads\/2017\/04\/atlas_logo_670.jpg 670w, https:\/\/www.sanier.pl\/wp-content\/uploads\/2017\/04\/atlas_logo_670-300x145.jpg 300w, https:\/\/www.sanier.pl\/wp-content\/uploads\/2017\/04\/atlas_logo_670-350x169.jpg 350w\" sizes=\"auto, (max-width:767px) 232px, 232px\" \/><\/p>\n<h1><strong>Uni-Grunt<\/strong><\/h1>\n<h4 data-start=\"11\" data-end=\"32\">Vlastnosti Uni-Grunt:<\/h4>\n<ul data-start=\"33\" data-end=\"340\">\n<li data-start=\"33\" data-end=\"117\">M\u00e1 ve\u013emi kr\u00e1tky \u010das schnutia \u2013 povrchov\u00e9 vrstvy je mo\u017en\u00e9 nan\u00e1\u0161a\u0165 u\u017e po 2 hodin\u00e1ch.<\/li>\n<li data-start=\"118\" data-end=\"194\">Je bezrozp\u00fa\u0161\u0165adlov\u00fd \u2013 vyr\u00e1ba sa na b\u00e1ze vodnej disperzie akrylovej \u017eivice.<\/li>\n<li data-start=\"195\" data-end=\"226\">Po\u010das pou\u017eitia sa nezmyd\u013euje.<\/li>\n<li data-start=\"227\" data-end=\"256\">Po vyschnut\u00ed je bezfarebn\u00fd.<\/li>\n<li data-start=\"257\" data-end=\"279\">Prep\u00fa\u0161\u0165a vodn\u00fa paru.<\/li>\n<li data-start=\"280\" data-end=\"340\">Je nehor\u013eav\u00fd \u2013 m\u00f4\u017ee sa pou\u017e\u00edva\u0165 v miestnostiach bez okien.<\/li>\n<\/ul>\n<h4 data-start=\"342\" data-end=\"351\">Pou\u017eitie:<\/h4>\n<ul data-start=\"352\" data-end=\"1177\">\n<li data-start=\"352\" data-end=\"460\">Zlep\u0161uje podmienky viazania maltov\u00fdch zmes\u00ed \u2013 prispieva k dosiahnutiu po\u017eadovan\u00fdch technick\u00fdch parametrov.<\/li>\n<li data-start=\"461\" data-end=\"582\">Posil\u0148uje povrchovo podklady na b\u00e1ze miner\u00e1lnych materi\u00e1lov \u2013 prenik\u00e1 do povrchov, spev\u0148uje ich a zlep\u0161uje ich nosnos\u0165.<\/li>\n<li data-start=\"583\" data-end=\"687\">Predch\u00e1dza \"odtiahnutiu\" nadmern\u00e9ho mno\u017estva vody z nan\u00e1\u0161anej vrstvy \u2013 obmedzuje nasiakavos\u0165 podkladu.<\/li>\n<li data-start=\"688\" data-end=\"839\">Umo\u017e\u0148uje jednotn\u00fa nasiakavos\u0165 celej o\u0161etrenej plochy \u2013 nanesen\u00e1 vrstva m\u00e1 podobn\u00e9 podmienky viazania bez oh\u013eadu na miestne zmeny parametrov podkladu.<\/li>\n<li data-start=\"840\" data-end=\"1017\">Vytv\u00e1ra do\u010dasn\u00fa ochrann\u00fa vrstvu na podkladoch pod podlahy a dla\u017eby \u2013 zlep\u0161uje odolnos\u0165 pot\u011bru vo\u010di prachu a u\u013eah\u010duje \u010distenie (nem\u00f4\u017ee by\u0165 pova\u017eovan\u00fd za kone\u010dn\u00fa vrstvu \u00fapravy).<\/li>\n<li data-start=\"1018\" data-end=\"1177\">Zvy\u0161uje v\u00fdkonnos\u0165 farieb, stierok a lepidiel \u2013 spev\u0148uje \u0161trukt\u00faru o\u0161etren\u00e9ho podkladu, \u010d\u00edm zvy\u0161uje v\u00fdkonnos\u0165 materi\u00e1lov pou\u017eit\u00fdch na aplik\u00e1ciu \u010fal\u0161ej vrstvy.<\/li>\n<\/ul>\n<h4 data-start=\"1179\" data-end=\"1188\">Spotreba:<\/h4>\n<ul data-start=\"1189\" data-end=\"1279\">\n<li data-start=\"1189\" data-end=\"1279\">cca 0,05-0,2 kg emulzie na 1 m\u00b2 Spotreba v praxi z\u00e1vis\u00ed od stup\u0148a nasiakavosti podkladu.<\/li>\n<\/ul>\n<p data-start=\"1281\" data-end=\"1305\" data-is-last-node=\"\" data-is-only-node=\"\"><a href=\"https:\/\/sanier.pl\/wp-content\/uploads\/2017\/04\/Karta-techniczna-uni-grunt.pdf\" target=\"_blank\" rel=\"noopener\">Technick\u00fd list Uni-Grunt<\/a><\/p>\n<p>&nbsp;<\/p>\n","protected":false},"excerpt":{"rendered":"<p><strong>Uni-Grunt<\/strong> je bezrozp\u00fa\u0161\u0165adlov\u00fd z\u00e1klad na b\u00e1ze vodnej disperzie akrylovej \u017eivice, ktor\u00fd r\u00fdchlo schne \u2013 povrchov\u00e9 vrstvy je mo\u017en\u00e9 nan\u00e1\u0161a\u0165 u\u017e po 2 hodin\u00e1ch. Posil\u0148uje a ujednocuje miner\u00e1lne podklady, obmedzuje ich nasiakavos\u0165 a zlep\u0161uje podmienky viazania malty. Vytv\u00e1ra do\u010dasn\u00fa ochranu podl\u00e1h, zvy\u0161uje v\u00fdkonnos\u0165 farieb, stierok a lepidiel. Po vyschnut\u00ed je bezfarebn\u00fd, prep\u00fa\u0161\u0165a vodn\u00fa paru a je nehor\u013eav\u00fd, tak\u017ee je vhodn\u00fd do miestnost\u00ed bez okien. Spotreba: 0,05-0,2 kg\/m\u00b2.<\/p>\n","protected":false},"featured_media":265033,"comment_status":"open","ping_status":"closed","template":"","meta":[],"product_brand":[],"product_cat":[1043,884],"product_tag":[1061],"class_list":{"0":"post-279254","1":"product","2":"type-product","3":"status-publish","4":"has-post-thumbnail","6":"product_cat-grunty-i-farby-sk","7":"product_cat-materialy-wykonczeniowe-sk","8":"product_tag-atlas-sk","9":"product_shipping_class-latwa-wysylka-sk","11":"first","12":"instock","13":"taxable","14":"shipping-taxable","15":"purchasable","16":"product-type-simple"},"_links":{"self":[{"href":"https:\/\/www.sanier.pl\/sk\/wp-json\/wp\/v2\/product\/279254","targetHints":{"allow":["GET"]}}],"collection":[{"href":"https:\/\/www.sanier.pl\/sk\/wp-json\/wp\/v2\/product"}],"about":[{"href":"https:\/\/www.sanier.pl\/sk\/wp-json\/wp\/v2\/types\/product"}],"replies":[{"embeddable":true,"href":"https:\/\/www.sanier.pl\/sk\/wp-json\/wp\/v2\/comments?post=279254"}],"wp:featuredmedia":[{"embeddable":true,"href":"https:\/\/www.sanier.pl\/sk\/wp-json\/wp\/v2\/media\/265033"}],"wp:attachment":[{"href":"https:\/\/www.sanier.pl\/sk\/wp-json\/wp\/v2\/media?parent=279254"}],"wp:term":[{"taxonomy":"product_brand","embeddable":true,"href":"https:\/\/www.sanier.pl\/sk\/wp-json\/wp\/v2\/product_brand?post=279254"},{"taxonomy":"product_cat","embeddable":true,"href":"https:\/\/www.sanier.pl\/sk\/wp-json\/wp\/v2\/product_cat?post=279254"},{"taxonomy":"product_tag","embeddable":true,"href":"https:\/\/www.sanier.pl\/sk\/wp-json\/wp\/v2\/product_tag?post=279254"}],"curies":[{"name":"wp","href":"https:\/\/api.w.org\/{rel}","templated":true}]}}

<p><img loading="lazy" decoding="async" class="wp-image-4003 aligncenter" src="https://sanier.pl/wp-content/uploads/2017/04/atlas_logo_670.jpg" alt="atlas_logo_670" width="232" height="112" srcset="https://www.sanier.pl/wp-content/uploads/2017/04/atlas_logo_670.jpg 670w, https://www.sanier.pl/wp-content/uploads/2017/04/atlas_logo_670-300x145.jpg 300w, https://www.sanier.pl/wp-content/uploads/2017/04/atlas_logo_670-350x169.jpg 350w" sizes="auto, (max-width:767px) 232px, 232px" /></p>
<h1><strong>Uni-Grunt</strong></h1>
<h4 data-start="11" data-end="32">Vlastnosti Uni-Grunt:</h4>
<ul data-start="33" data-end="340">
<li data-start="33" data-end="117">Má veľmi krátky čas schnutia – povrchové vrstvy je možné nanášať už po 2 hodinách.</li>
<li data-start="118" data-end="194">Je bezrozpúšťadlový – vyrába sa na báze vodnej disperzie akrylovej živice.</li>
<li data-start="195" data-end="226">Počas použitia sa nezmydľuje.</li>
<li data-start="227" data-end="256">Po vyschnutí je bezfarebný.</li>
<li data-start="257" data-end="279">Prepúšťa vodnú paru.</li>
<li data-start="280" data-end="340">Je nehorľavý – môže sa používať v miestnostiach bez okien.</li>
</ul>
<h4 data-start="342" data-end="351">Použitie:</h4>
<ul data-start="352" data-end="1177">
<li data-start="352" data-end="460">Zlepšuje podmienky viazania maltových zmesí – prispieva k dosiahnutiu požadovaných technických parametrov.</li>
<li data-start="461" data-end="582">Posilňuje povrchovo podklady na báze minerálnych materiálov – preniká do povrchov, spevňuje ich a zlepšuje ich nosnosť.</li>
<li data-start="583" data-end="687">Predchádza "odtiahnutiu" nadmerného množstva vody z nanášanej vrstvy – obmedzuje nasiakavosť podkladu.</li>
<li data-start="688" data-end="839">Umožňuje jednotnú nasiakavosť celej ošetrenej plochy – nanesená vrstva má podobné podmienky viazania bez ohľadu na miestne zmeny parametrov podkladu.</li>
<li data-start="840" data-end="1017">Vytvára dočasnú ochrannú vrstvu na podkladoch pod podlahy a dlažby – zlepšuje odolnosť potěru voči prachu a uľahčuje čistenie (nemôže byť považovaný za konečnú vrstvu úpravy).</li>
<li data-start="1018" data-end="1177">Zvyšuje výkonnosť farieb, stierok a lepidiel – spevňuje štruktúru ošetreného podkladu, čím zvyšuje výkonnosť materiálov použitých na aplikáciu ďalšej vrstvy.</li>
</ul>
<h4 data-start="1179" data-end="1188">Spotreba:</h4>
<ul data-start="1189" data-end="1279">
<li data-start="1189" data-end="1279">cca 0,05-0,2 kg emulzie na 1 m² Spotreba v praxi závisí od stupňa nasiakavosti podkladu.</li>
</ul>
<p data-start="1281" data-end="1305" data-is-last-node="" data-is-only-node=""><a href="https://sanier.pl/wp-content/uploads/2017/04/Karta-techniczna-uni-grunt.pdf" target="_blank" rel="noopener">Technický list Uni-Grunt</a></p>
<p>&nbsp;</p>

<p><strong>Uni-Grunt</strong> je bezrozpúšťadlový základ na báze vodnej disperzie akrylovej živice, ktorý rýchlo schne – povrchové vrstvy je možné nanášať už po 2 hodinách. Posilňuje a ujednocuje minerálne podklady, obmedzuje ich nasiakavosť a zlepšuje podmienky viazania malty. Vytvára dočasnú ochranu podláh, zvyšuje výkonnosť farieb, stierok a lepidiel. Po vyschnutí je bezfarebný, prepúšťa vodnú paru a je nehorľavý, takže je vhodný do miestností bez okien. Spotreba: 0,05-0,2 kg/m².</p>
