{"id":279244,"date":"2017-04-19T08:13:10","date_gmt":"2017-04-19T08:13:10","guid":{"rendered":"https:\/\/www.sanier.pl\/produkt\/walek-fasada\/"},"modified":"2025-03-14T11:17:04","modified_gmt":"2025-03-14T11:17:04","slug":"walek-fasada","status":"publish","type":"product","link":"https:\/\/www.sanier.pl\/sk\/produkt\/walek-fasada\/","title":{"rendered":"Val\u010dek FASADA"},"content":{"rendered":"<p>[vc_row][vc_column][vc_column_text]<img loading=\"lazy\" decoding=\"async\" class=\"wp-image-3296 aligncenter\" src=\"https:\/\/sanier.pl\/wp-content\/uploads\/2017\/03\/Logo-BDT.jpg\" alt=\"blue dolphin\" width=\"250\" height=\"75\" srcset=\"https:\/\/www.sanier.pl\/wp-content\/uploads\/2017\/03\/Logo-BDT.jpg 473w, https:\/\/www.sanier.pl\/wp-content\/uploads\/2017\/03\/Logo-BDT-300x90.jpg 300w, https:\/\/www.sanier.pl\/wp-content\/uploads\/2017\/03\/Logo-BDT-350x105.jpg 350w\" sizes=\"auto, (max-width:767px) 250px, 250px\" \/><\/p>\n<div class=\"flex max-w-full flex-col flex-grow\">\n<div class=\"min-h-8 text-message relative flex w-full flex-col items-end gap-2 whitespace-normal break-words text-start [.text-message+&amp;]:mt-5\" dir=\"auto\" data-message-author-role=\"assistant\" data-message-id=\"061aec19-f876-4ed5-b52e-bb5bb2937976\" data-message-model-slug=\"gpt-4o-mini\">\n<div class=\"flex w-full flex-col gap-1 empty:hidden first:pt-[3px]\">\n<h1 data-start=\"0\" data-end=\"269\">Val\u010dek FASADA<\/h1>\n<p data-start=\"0\" data-end=\"269\"><strong>Val\u010dek FASADA<\/strong> je profesion\u00e1lne maliarske n\u00e1radie, navrhnut\u00e9 na pr\u00e1cu na drsn\u00fdch povrchoch. Vyroben\u00fd z odolnej tkaniny poliakrylovej a vybaven\u00fd \u0161pongiov\u00fdmi podlo\u017ekami, ktor\u00e9 zvy\u0161uj\u00fa v\u00fdkonnos\u0165 pr\u00e1ce, val\u010dek zaru\u010duje dlh\u00fa \u017eivotnos\u0165 a rovnomern\u00e9 pokrytie emulzn\u00fdmi farbami.<\/p>\n<p data-start=\"271\" data-end=\"596\">V\u010faka svojej kon\u0161trukcii je ide\u00e1lny na ma\u013eovanie fas\u00e1d, m\u00farov a in\u00fdch povrchov s nerovnou \u0161trukt\u00farou. Umo\u017e\u0148uje efekt\u00edvne rozkladanie farby, zabezpe\u010duj\u00fac vysok\u00fa kvalitu povrchovej \u00fapravy a minimalizovanie str\u00e1t materi\u00e1lu. Je to spo\u013eahliv\u00fd n\u00e1stroj pre profesion\u00e1lov aj hobby maliarov, ktor\u00ed o\u010dak\u00e1vaj\u00fa trvanlivos\u0165 a efekt\u00edvnos\u0165.<\/p>\n<p data-start=\"598\" data-end=\"614\"><strong>V\u00fdhody produktu:<\/strong><\/p>\n<ul data-start=\"616\" data-end=\"906\" data-is-last-node=\"\" data-is-only-node=\"\">\n<li data-start=\"616\" data-end=\"681\">Odoln\u00e1 tkanina poliakrylova zabezpe\u010duje dlh\u00fa \u017eivotnos\u0165 val\u010deka.<\/li>\n<li data-start=\"682\" data-end=\"737\">\u0160pongiov\u00fa podlo\u017eka zvy\u0161uje v\u00fdkonnos\u0165 a komfort pr\u00e1ce.<\/li>\n<li data-start=\"738\" data-end=\"798\">Ide\u00e1lny na emulzn\u00e9 farby, zabezpe\u010duje rovnomern\u00e9 pokrytie.<\/li>\n<li data-start=\"799\" data-end=\"847\">Ur\u010den\u00fd na drsn\u00e9 povrchy, ako s\u00fa fas\u00e1dy a m\u00fary.<\/li>\n<li data-start=\"848\" data-end=\"906\" data-is-last-node=\"\">Odoln\u00e1 kon\u0161trukcia, odoln\u00e1 vo\u010di intenz\u00edvnemu pou\u017e\u00edvaniu.<\/li>\n<\/ul>\n<\/div>\n<\/div>\n<\/div>\n<div class=\"mb-2 flex gap-3 -ml-2\" tabindex=\"0\">\n<div class=\"flex items-center justify-start rounded-xl p-1\">\n<div class=\"flex items-center\"><\/div>\n<\/div>\n<\/div>\n<p>[\/vc_column_text][\/vc_column][\/vc_row]<\/p>\n","protected":false},"excerpt":{"rendered":"<p><strong>Val\u010dek FASADA<\/strong> z odolnej tkaniny poliakrylovej a \u0161pongiovou podlo\u017ekou zvy\u0161uj\u00facou v\u00fdkonnos\u0165 je ide\u00e1lne n\u00e1radie na emulzn\u00e9 farby. Zabezpe\u010duje rovnomern\u00e9 pokrytie a trvanlivos\u0165 na drsn\u00fdch povrchoch, ako s\u00fa fas\u00e1dy a m\u00fary.<\/p>\n","protected":false},"featured_media":265321,"comment_status":"open","ping_status":"closed","template":"","meta":[],"product_brand":[],"product_cat":[1051,881,879,920,943,1057,918,1054,1033,1055,917,902,1045,914,900,916],"product_tag":[1053],"class_list":{"0":"post-279244","1":"product","2":"type-product","3":"status-publish","4":"has-post-thumbnail","6":"product_cat-blue-dolphin-sk","7":"product_cat-hydroizolacja-balkonu-i-tarasu-sk","8":"product_cat-hydroizolacja-fundamentu-sk","9":"product_cat-hydroizolacje-zbiornikow-i-kanalizacji-sk","10":"product_cat-materialy-uzupelniajace-akcesoria-sk","11":"product_cat-materialy-uzupelniajace-akcesoria-ochrona-i-naprawa-betonu-sk","12":"product_cat-materialy-uzupelniajace-akcesoria-tynki-renowacyjne-sk","13":"product_cat-materialy-uzupelniajace-akcesoria-hydroizolacje-zbiornikow-i-kanalizacji-sk","14":"product_cat-materialy-uzupelniajace-akcesoria-hydroizolacja-balkonu-i-tarasu-sk","15":"product_cat-materialy-uzupelniajace-akcesoria-renowacja-elewacji-sk","16":"product_cat-materialy-uzupelniajace-akcesoria-uszczelnienie-budynku-od-wewnatrz-sk","17":"product_cat-ochrona-i-naprawa-betonu-sk","18":"product_cat-producenci-sk","19":"product_cat-renowacja-elewacji-sk","20":"product_cat-tynki-renowacyjne-sk","21":"product_cat-uszczelnienie-budynku-od-wewnatrz-sk","22":"product_tag-blue-dolphin-sk","23":"product_shipping_class-latwa-wysylka-sk","25":"first","26":"instock","27":"taxable","28":"shipping-taxable","29":"purchasable","30":"product-type-variable"},"_links":{"self":[{"href":"https:\/\/www.sanier.pl\/sk\/wp-json\/wp\/v2\/product\/279244","targetHints":{"allow":["GET"]}}],"collection":[{"href":"https:\/\/www.sanier.pl\/sk\/wp-json\/wp\/v2\/product"}],"about":[{"href":"https:\/\/www.sanier.pl\/sk\/wp-json\/wp\/v2\/types\/product"}],"replies":[{"embeddable":true,"href":"https:\/\/www.sanier.pl\/sk\/wp-json\/wp\/v2\/comments?post=279244"}],"wp:featuredmedia":[{"embeddable":true,"href":"https:\/\/www.sanier.pl\/sk\/wp-json\/wp\/v2\/media\/265321"}],"wp:attachment":[{"href":"https:\/\/www.sanier.pl\/sk\/wp-json\/wp\/v2\/media?parent=279244"}],"wp:term":[{"taxonomy":"product_brand","embeddable":true,"href":"https:\/\/www.sanier.pl\/sk\/wp-json\/wp\/v2\/product_brand?post=279244"},{"taxonomy":"product_cat","embeddable":true,"href":"https:\/\/www.sanier.pl\/sk\/wp-json\/wp\/v2\/product_cat?post=279244"},{"taxonomy":"product_tag","embeddable":true,"href":"https:\/\/www.sanier.pl\/sk\/wp-json\/wp\/v2\/product_tag?post=279244"}],"curies":[{"name":"wp","href":"https:\/\/api.w.org\/{rel}","templated":true}]}}

Valček FASADA

<p>[vc_row][vc_column][vc_column_text]<img loading="lazy" decoding="async" class="wp-image-3296 aligncenter" src="https://sanier.pl/wp-content/uploads/2017/03/Logo-BDT.jpg" alt="blue dolphin" width="250" height="75" srcset="https://www.sanier.pl/wp-content/uploads/2017/03/Logo-BDT.jpg 473w, https://www.sanier.pl/wp-content/uploads/2017/03/Logo-BDT-300x90.jpg 300w, https://www.sanier.pl/wp-content/uploads/2017/03/Logo-BDT-350x105.jpg 350w" sizes="auto, (max-width:767px) 250px, 250px" /></p>
<div class="flex max-w-full flex-col flex-grow">
<div class="min-h-8 text-message relative flex w-full flex-col items-end gap-2 whitespace-normal break-words text-start [.text-message+&amp;]:mt-5" dir="auto" data-message-author-role="assistant" data-message-id="061aec19-f876-4ed5-b52e-bb5bb2937976" data-message-model-slug="gpt-4o-mini">
<div class="flex w-full flex-col gap-1 empty:hidden first:pt-[3px]">
<h1 data-start="0" data-end="269">Valček FASADA</h1>
<p data-start="0" data-end="269"><strong>Valček FASADA</strong> je profesionálne maliarske náradie, navrhnuté na prácu na drsných povrchoch. Vyrobený z odolnej tkaniny poliakrylovej a vybavený špongiovými podložkami, ktoré zvyšujú výkonnosť práce, valček zaručuje dlhú životnosť a rovnomerné pokrytie emulznými farbami.</p>
<p data-start="271" data-end="596">Vďaka svojej konštrukcii je ideálny na maľovanie fasád, múrov a iných povrchov s nerovnou štruktúrou. Umožňuje efektívne rozkladanie farby, zabezpečujúc vysokú kvalitu povrchovej úpravy a minimalizovanie strát materiálu. Je to spoľahlivý nástroj pre profesionálov aj hobby maliarov, ktorí očakávajú trvanlivosť a efektívnosť.</p>
<p data-start="598" data-end="614"><strong>Výhody produktu:</strong></p>
<ul data-start="616" data-end="906" data-is-last-node="" data-is-only-node="">
<li data-start="616" data-end="681">Odolná tkanina poliakrylova zabezpečuje dlhú životnosť valčeka.</li>
<li data-start="682" data-end="737">Špongiovú podložka zvyšuje výkonnosť a komfort práce.</li>
<li data-start="738" data-end="798">Ideálny na emulzné farby, zabezpečuje rovnomerné pokrytie.</li>
<li data-start="799" data-end="847">Určený na drsné povrchy, ako sú fasády a múry.</li>
<li data-start="848" data-end="906" data-is-last-node="">Odolná konštrukcia, odolná voči intenzívnemu používaniu.</li>
</ul>
</div>
</div>
</div>
<div class="mb-2 flex gap-3 -ml-2" tabindex="0">
<div class="flex items-center justify-start rounded-xl p-1">
<div class="flex items-center"></div>
</div>
</div>
<p>[/vc_column_text][/vc_column][/vc_row]</p>

<p><strong>Valček FASADA</strong> z odolnej tkaniny poliakrylovej a špongiovou podložkou zvyšujúcou výkonnosť je ideálne náradie na emulzné farby. Zabezpečuje rovnomerné pokrytie a trvanlivosť na drsných povrchoch, ako sú fasády a múry.</p>
