{"id":279210,"date":"2017-04-09T08:59:52","date_gmt":"2017-04-09T08:59:52","guid":{"rendered":"https:\/\/www.sanier.pl\/produkt\/perlafine-feinputz-extra\/"},"modified":"2025-03-14T08:16:23","modified_gmt":"2025-03-14T08:16:23","slug":"perlafine-feinputz-extra","status":"publish","type":"product","link":"https:\/\/www.sanier.pl\/sk\/produkt\/perlafine-feinputz-extra\/","title":{"rendered":"PerlaFine (FeinPutz Extra) | Baumit"},"content":{"rendered":"<p>[vc_row][vc_column][vc_column_text]<img loading=\"lazy\" decoding=\"async\" class=\"size-full wp-image-3279 aligncenter\" src=\"https:\/\/sanier.pl\/wp-content\/uploads\/2017\/03\/baumit_logo_2012-e1490989945791.jpg\" alt=\"baumit_logo_2012\" width=\"125\" height=\"146\" \/><\/p>\n<h3>Baumit PerlaFine<\/h3>\n<div class=\"flex max-w-full flex-col flex-grow\">\n<div class=\"min-h-8 text-message relative flex w-full flex-col items-end gap-2 whitespace-normal break-words text-start [.text-message+&amp;]:mt-5\" dir=\"auto\" data-message-author-role=\"assistant\" data-message-id=\"06b1c94a-3389-4cb0-ac05-f6083f1b2f9c\" data-message-model-slug=\"gpt-4o-mini\">\n<div class=\"flex w-full flex-col gap-1 empty:hidden first:pt-[3px]\">\n<p data-start=\"0\" data-end=\"265\">Baumit PerlaFine je vysokokvalitn\u00e1 such\u00e1 omietka z jemnozrnnej v\u00e1pnenej zmesi, ur\u010den\u00e1 na pou\u017eitie vo vn\u00fatri budov. Produkt je pripraven\u00fd ako such\u00e1 zmes, ktor\u00e1 sa \u013eahko aplikuje ru\u010dne. Je ide\u00e1lny na dokon\u010denie stien a stropov, poskytuj\u00faci hladk\u00fd a rovnomern\u00fd povrch.<\/p>\n<h4 data-start=\"267\" data-end=\"278\">Vlastnosti:<\/h4>\n<ul data-start=\"279\" data-end=\"656\">\n<li data-start=\"279\" data-end=\"347\">Prirodzene biela: Estetick\u00fd vzh\u013ead bez potreby \u010fal\u0161ieho ma\u013eovania.<\/li>\n<li data-start=\"348\" data-end=\"482\">Paropriepustnos\u0165: Vysok\u00e1 paropriepustnos\u0165 umo\u017e\u0148uje vo\u013en\u00fd prietok vodnej pary, \u010do pom\u00e1ha udr\u017eiava\u0165 zdrav\u00e9 mikrokl\u00edma v miestnostiach.<\/li>\n<li data-start=\"483\" data-end=\"576\">Jednoduch\u00e1 aplik\u00e1cia: Produkt sa \u013eahko nan\u00e1\u0161a, \u010do je obzvl\u00e1\u0161\u0165 d\u00f4le\u017eit\u00e9 pri ru\u010dnom omietan\u00ed.<\/li>\n<li data-start=\"577\" data-end=\"653\">Dlh\u00fd otvoren\u00fd \u010das: Umo\u017e\u0148uje vykon\u00e1vanie pr\u00e1c na ve\u013ek\u00fdch ploch\u00e1ch a opravy.<\/li>\n<\/ul>\n<h4 data-start=\"657\" data-end=\"664\">V\u00fdhody:<\/h4>\n<ul data-start=\"665\" data-end=\"1077\">\n<li data-start=\"665\" data-end=\"783\">Jednotn\u00fd a hladk\u00fd povrch: Ide\u00e1lne pripraven\u00fd na \u010fal\u0161ie vrstvy povrchovej \u00fapravy, poskytuj\u00faci estetick\u00fd vzh\u013ead stien.<\/li>\n<li data-start=\"784\" data-end=\"892\">Zdrav\u00fd mikrokl\u00edma: Paropriepustnos\u0165 omietky pom\u00e1ha udr\u017eiava\u0165 zdrav\u00e9 a pr\u00edjemn\u00e9 prostredie v miestnostiach.<\/li>\n<li data-start=\"893\" data-end=\"983\">\u013dahk\u00e1 spracovate\u013enos\u0165: Produkt je ve\u013emi \u013eahko spracovate\u013en\u00fd, \u010do u\u013eah\u010duje jeho aplik\u00e1ciu.<\/li>\n<li data-start=\"984\" data-end=\"1077\">Univerz\u00e1lnos\u0165 pou\u017eitia: M\u00f4\u017ee by\u0165 pou\u017eit\u00fd na r\u00f4zne miner\u00e1lne omietky podkladov vn\u00fatri budov.<\/li>\n<\/ul>\n<p data-start=\"1079\" data-end=\"1336\">Pou\u017eitie: Baumit PerlaFine je ur\u010den\u00fd na pou\u017eitie na ak\u00fdko\u013evek druh miner\u00e1lnych podkladov omietok vo vn\u00fatri budov. Produkt by sa mal nan\u00e1\u0161a\u0165 na cementovo-v\u00e1penn\u00e9 omietky pomocou filcovej alebo hubkovej stierky, \u010do umo\u017en\u00ed dosiahnu\u0165 rovnomern\u00fd a hladk\u00fd povrch.<\/p>\n<h4 data-start=\"1338\" data-end=\"1354\">Technick\u00e9 \u00fadaje:<\/h4>\n<ul data-start=\"1355\" data-end=\"1860\">\n<li data-start=\"1355\" data-end=\"1398\">Ohybov\u00e1 pevnos\u0165 po 28 d\u0148och: &gt; 0,4 N\/mm\u00b2.<\/li>\n<li data-start=\"1399\" data-end=\"1442\">Pevnos\u0165 v tlaku po 28 d\u0148och: &gt; 0,6 N\/mm\u00b2.<\/li>\n<li data-start=\"1443\" data-end=\"1470\">Ve\u013ekos\u0165 zrna: 0 - 0,3 mm.<\/li>\n<li data-start=\"1471\" data-end=\"1503\">Minim\u00e1lna hr\u00fabka vrstvy: 2 mm.<\/li>\n<li data-start=\"1504\" data-end=\"1551\">Maxim\u00e1lna hr\u00fabka vrstvy: 4 mm (jedna vrstva).<\/li>\n<li data-start=\"1552\" data-end=\"1589\">Spotreba: Pribli\u017ene 2,4 kg\/m\u00b2\/2 mm.<\/li>\n<li data-start=\"1590\" data-end=\"1632\">V\u00fddatnos\u0165: 10,4 m\u00b2\/sack pri vrstve 2 mm.<\/li>\n<li data-start=\"1633\" data-end=\"1673\">Potreba vody: Pribli\u017ene 8 - 9 l\/25 kg.<\/li>\n<li data-start=\"1674\" data-end=\"1727\">Balenie: 25 kg vrecia, 48 vreciek\/paleta = 1200 kg.<\/li>\n<li data-start=\"1728\" data-end=\"1860\">Skladovanie: Skladujte na suchom a chladnom mieste, na dreven\u00fdch palet\u00e1ch, po dobu 6 mesiacov od d\u00e1tumu v\u00fdroby uvedenom na vrecku.<\/li>\n<\/ul>\n<p data-start=\"1862\" data-end=\"2683\">Pokyny na pou\u017eitie: Pr\u00edprava podkladu: Podklad mus\u00ed by\u0165 trval\u00fd, nosn\u00fd, such\u00fd, o\u010disten\u00fd, bez hydrof\u00f3bnych l\u00e1tok, bez vy\u010dnievaj\u00facich \u010dast\u00ed a vo\u013en\u00fdch \u010dast\u00ed. V z\u00e1vislosti od typu a nasiakavosti podkladu pred nanesen\u00edm navlh\u010dite povrch, pri\u010dom sa vyhnite vytv\u00e1raniu vodn\u00e9ho filmu. Spracovanie: Such\u00fa omietku Baumit PerlaFine zmie\u0161ajte s vodou pomocou mie\u0161a\u010dky alebo ru\u010dne v n\u00e1dobe na zmes, prid\u00e1vajte pribli\u017ene 8 - 9 litrov vody na ka\u017ed\u00fd vak 25 kg suchej zmesi. Mie\u0161ajte po dobu 3 - 5 min\u00fat a v\u017edy zmie\u0161ajte cel\u00fa obsah vrecka. Omietku naneste pomocou oce\u013eovej stierky na hr\u00fabku 2 - 4 mm. Po nanesen\u00ed a po\u010diato\u010dnom stvrdnut\u00ed a vysu\u0161en\u00ed jemne vyhladzujte pomocou filcovej alebo hubkovej stierky, aby ste dosiahli hladk\u00fd povrch. Pred nanesen\u00edm \u010fal\u0161\u00edch vrchn\u00fdch vrstiev je potrebn\u00e9 dodr\u017ea\u0165 technologick\u00fa prest\u00e1vku minim\u00e1lne 7 dn\u00ed.<\/p>\n<p data-start=\"2685\" data-end=\"2975\">Tipy: Teplota okolia, podkladu a materi\u00e1lu po\u010das spracovania a procesu tuhnutia by mala by\u0165 od +5\u00b0C do +25\u00b0C. Nepou\u017e\u00edvajte \u017eiadne \u010fal\u0161ie pr\u00edsady. Nepou\u017e\u00edvajte priame k\u00farenie vykonan\u00fdch omietok. Pri pou\u017eit\u00ed vykurovania, najm\u00e4 plynov\u00fdch radi\u00e1torov, zabezpe\u010dte primeran\u00fa ventil\u00e1ciu miestnosti.<\/p>\n<p data-start=\"2977\" data-end=\"3126\">Vyhl\u00e1sen\u00e9 prev\u00e1dzkov\u00e9 vlastnosti: Reakcia na ohe\u0148: A1. Absorpcia vody: NPD (Nie je ur\u010den\u00fd v\u00fdkon). Paropriepustnos\u0165: NPD. Pri\u013enavos\u0165: \u2265 0,08 N\/mm\u00b2 FP.<\/p>\n<p data-start=\"3128\" data-end=\"3354\" data-is-last-node=\"\" data-is-only-node=\"\">Baumit PerlaFine je vysokokvalitn\u00e1 v\u00e1penn\u00e1 omietka, ktor\u00e1 v\u010faka svojim vlastnostiam a jednoduchej aplik\u00e1cii je ide\u00e1lnym rie\u0161en\u00edm pre dokon\u010denie vn\u00fatorn\u00fdch stien, poskytuj\u00fac estetick\u00fd vzh\u013ead a zdrav\u00fd mikrokl\u00edma v miestnostiach.<\/p>\n<\/div>\n<\/div>\n<\/div>\n<div class=\"mb-2 flex gap-3 -ml-2\" tabindex=\"0\">\n<div class=\"flex items-center justify-start rounded-xl p-1\">\n<div class=\"flex items-center\"><\/div>\n<\/div>\n<\/div>\n<p><a href=\"https:\/\/sanier.pl\/wp-content\/uploads\/2017\/04\/PDBL_FeinPutz_Extra.pdf\" target=\"_blank\" rel=\"noopener\"><span class=\"HwtZe\" lang=\"sk\"><span class=\"jCAhz ChMk0b\"><span class=\"ryNqvb\">PerlaFine (FeinPutz Extra) Technick\u00fd list<\/span><\/span><\/span><\/a>[\/vc_column_text][\/vc_column][\/vc_row]<\/p>\n","protected":false},"excerpt":{"rendered":"<div class=\"flex max-w-full flex-col flex-grow\">\n<div class=\"min-h-8 text-message relative flex w-full flex-col items-end gap-2 whitespace-normal break-words text-start [.text-message+&amp;]:mt-5\" dir=\"auto\" data-message-author-role=\"assistant\" data-message-id=\"d3b5f52e-3601-4c84-8e60-1172c9ba25c6\" data-message-model-slug=\"gpt-4o-mini\">\n<div class=\"flex w-full flex-col gap-1 empty:hidden first:pt-[3px]\">\n<p data-start=\"0\" data-end=\"133\" data-is-last-node=\"\" data-is-only-node=\"\">PerlaFine je fabri\u010dne pripraven\u00e1, such\u00e1, jemnozrnna omietkov\u00e1 zmes v prirodzene bielej farbe, ur\u010den\u00e1 na ru\u010dn\u00fa aplik\u00e1ciu, ur\u010den\u00e1 na vn\u00fatorn\u00e9 steny.<\/p>\n<\/div>\n<\/div>\n<\/div>\n<div class=\"mb-2 flex gap-3 -ml-2\" tabindex=\"0\">\n<div class=\"flex items-center justify-start rounded-xl p-1\">\n<div class=\"flex items-center\"><\/div>\n<\/div>\n<\/div>\n","protected":false},"featured_media":280797,"comment_status":"open","ping_status":"closed","template":"","meta":{"_acf_changed":false},"product_brand":[],"product_cat":[895,900,1049],"product_tag":[897],"class_list":{"0":"post-279210","1":"product","2":"type-product","3":"status-publish","4":"has-post-thumbnail","6":"product_cat-baumit-sk","7":"product_cat-tynki-renowacyjne-sk","8":"product_cat-tynki-wapienne-wapienno-cementowe-sk","9":"product_tag-baumit-sk","10":"product_shipping_class-latwa-wysylka-sk","12":"first","13":"onbackorder","14":"taxable","15":"shipping-taxable","16":"purchasable","17":"product-type-simple"},"acf":[],"_links":{"self":[{"href":"https:\/\/www.sanier.pl\/sk\/wp-json\/wp\/v2\/product\/279210","targetHints":{"allow":["GET"]}}],"collection":[{"href":"https:\/\/www.sanier.pl\/sk\/wp-json\/wp\/v2\/product"}],"about":[{"href":"https:\/\/www.sanier.pl\/sk\/wp-json\/wp\/v2\/types\/product"}],"replies":[{"embeddable":true,"href":"https:\/\/www.sanier.pl\/sk\/wp-json\/wp\/v2\/comments?post=279210"}],"wp:featuredmedia":[{"embeddable":true,"href":"https:\/\/www.sanier.pl\/sk\/wp-json\/wp\/v2\/media\/280797"}],"wp:attachment":[{"href":"https:\/\/www.sanier.pl\/sk\/wp-json\/wp\/v2\/media?parent=279210"}],"wp:term":[{"taxonomy":"product_brand","embeddable":true,"href":"https:\/\/www.sanier.pl\/sk\/wp-json\/wp\/v2\/product_brand?post=279210"},{"taxonomy":"product_cat","embeddable":true,"href":"https:\/\/www.sanier.pl\/sk\/wp-json\/wp\/v2\/product_cat?post=279210"},{"taxonomy":"product_tag","embeddable":true,"href":"https:\/\/www.sanier.pl\/sk\/wp-json\/wp\/v2\/product_tag?post=279210"}],"curies":[{"name":"wp","href":"https:\/\/api.w.org\/{rel}","templated":true}]}}

<p>[vc_row][vc_column][vc_column_text]<img loading="lazy" decoding="async" class="size-full wp-image-3279 aligncenter" src="https://sanier.pl/wp-content/uploads/2017/03/baumit_logo_2012-e1490989945791.jpg" alt="baumit_logo_2012" width="125" height="146" /></p>
<h3>Baumit PerlaFine</h3>
<div class="flex max-w-full flex-col flex-grow">
<div class="min-h-8 text-message relative flex w-full flex-col items-end gap-2 whitespace-normal break-words text-start [.text-message+&amp;]:mt-5" dir="auto" data-message-author-role="assistant" data-message-id="06b1c94a-3389-4cb0-ac05-f6083f1b2f9c" data-message-model-slug="gpt-4o-mini">
<div class="flex w-full flex-col gap-1 empty:hidden first:pt-[3px]">
<p data-start="0" data-end="265">Baumit PerlaFine je vysokokvalitná suchá omietka z jemnozrnnej vápnenej zmesi, určená na použitie vo vnútri budov. Produkt je pripravený ako suchá zmes, ktorá sa ľahko aplikuje ručne. Je ideálny na dokončenie stien a stropov, poskytujúci hladký a rovnomerný povrch.</p>
<h4 data-start="267" data-end="278">Vlastnosti:</h4>
<ul data-start="279" data-end="656">
<li data-start="279" data-end="347">Prirodzene biela: Estetický vzhľad bez potreby ďalšieho maľovania.</li>
<li data-start="348" data-end="482">Paropriepustnosť: Vysoká paropriepustnosť umožňuje voľný prietok vodnej pary, čo pomáha udržiavať zdravé mikroklíma v miestnostiach.</li>
<li data-start="483" data-end="576">Jednoduchá aplikácia: Produkt sa ľahko nanáša, čo je obzvlášť dôležité pri ručnom omietaní.</li>
<li data-start="577" data-end="653">Dlhý otvorený čas: Umožňuje vykonávanie prác na veľkých plochách a opravy.</li>
</ul>
<h4 data-start="657" data-end="664">Výhody:</h4>
<ul data-start="665" data-end="1077">
<li data-start="665" data-end="783">Jednotný a hladký povrch: Ideálne pripravený na ďalšie vrstvy povrchovej úpravy, poskytujúci estetický vzhľad stien.</li>
<li data-start="784" data-end="892">Zdravý mikroklíma: Paropriepustnosť omietky pomáha udržiavať zdravé a príjemné prostredie v miestnostiach.</li>
<li data-start="893" data-end="983">Ľahká spracovateľnosť: Produkt je veľmi ľahko spracovateľný, čo uľahčuje jeho aplikáciu.</li>
<li data-start="984" data-end="1077">Univerzálnosť použitia: Môže byť použitý na rôzne minerálne omietky podkladov vnútri budov.</li>
</ul>
<p data-start="1079" data-end="1336">Použitie: Baumit PerlaFine je určený na použitie na akýkoľvek druh minerálnych podkladov omietok vo vnútri budov. Produkt by sa mal nanášať na cementovo-vápenné omietky pomocou filcovej alebo hubkovej stierky, čo umožní dosiahnuť rovnomerný a hladký povrch.</p>
<h4 data-start="1338" data-end="1354">Technické údaje:</h4>
<ul data-start="1355" data-end="1860">
<li data-start="1355" data-end="1398">Ohybová pevnosť po 28 dňoch: &gt; 0,4 N/mm².</li>
<li data-start="1399" data-end="1442">Pevnosť v tlaku po 28 dňoch: &gt; 0,6 N/mm².</li>
<li data-start="1443" data-end="1470">Veľkosť zrna: 0 - 0,3 mm.</li>
<li data-start="1471" data-end="1503">Minimálna hrúbka vrstvy: 2 mm.</li>
<li data-start="1504" data-end="1551">Maximálna hrúbka vrstvy: 4 mm (jedna vrstva).</li>
<li data-start="1552" data-end="1589">Spotreba: Približne 2,4 kg/m²/2 mm.</li>
<li data-start="1590" data-end="1632">Výdatnosť: 10,4 m²/sack pri vrstve 2 mm.</li>
<li data-start="1633" data-end="1673">Potreba vody: Približne 8 - 9 l/25 kg.</li>
<li data-start="1674" data-end="1727">Balenie: 25 kg vrecia, 48 vreciek/paleta = 1200 kg.</li>
<li data-start="1728" data-end="1860">Skladovanie: Skladujte na suchom a chladnom mieste, na drevených paletách, po dobu 6 mesiacov od dátumu výroby uvedenom na vrecku.</li>
</ul>
<p data-start="1862" data-end="2683">Pokyny na použitie: Príprava podkladu: Podklad musí byť trvalý, nosný, suchý, očistený, bez hydrofóbnych látok, bez vyčnievajúcich častí a voľných častí. V závislosti od typu a nasiakavosti podkladu pred nanesením navlhčite povrch, pričom sa vyhnite vytváraniu vodného filmu. Spracovanie: Suchú omietku Baumit PerlaFine zmiešajte s vodou pomocou miešačky alebo ručne v nádobe na zmes, pridávajte približne 8 - 9 litrov vody na každý vak 25 kg suchej zmesi. Miešajte po dobu 3 - 5 minút a vždy zmiešajte celú obsah vrecka. Omietku naneste pomocou oceľovej stierky na hrúbku 2 - 4 mm. Po nanesení a počiatočnom stvrdnutí a vysušení jemne vyhladzujte pomocou filcovej alebo hubkovej stierky, aby ste dosiahli hladký povrch. Pred nanesením ďalších vrchných vrstiev je potrebné dodržať technologickú prestávku minimálne 7 dní.</p>
<p data-start="2685" data-end="2975">Tipy: Teplota okolia, podkladu a materiálu počas spracovania a procesu tuhnutia by mala byť od +5°C do +25°C. Nepoužívajte žiadne ďalšie prísady. Nepoužívajte priame kúrenie vykonaných omietok. Pri použití vykurovania, najmä plynových radiátorov, zabezpečte primeranú ventiláciu miestnosti.</p>
<p data-start="2977" data-end="3126">Vyhlásené prevádzkové vlastnosti: Reakcia na oheň: A1. Absorpcia vody: NPD (Nie je určený výkon). Paropriepustnosť: NPD. Priľnavosť: ≥ 0,08 N/mm² FP.</p>
<p data-start="3128" data-end="3354" data-is-last-node="" data-is-only-node="">Baumit PerlaFine je vysokokvalitná vápenná omietka, ktorá vďaka svojim vlastnostiam a jednoduchej aplikácii je ideálnym riešením pre dokončenie vnútorných stien, poskytujúc estetický vzhľad a zdravý mikroklíma v miestnostiach.</p>
</div>
</div>
</div>
<div class="mb-2 flex gap-3 -ml-2" tabindex="0">
<div class="flex items-center justify-start rounded-xl p-1">
<div class="flex items-center"></div>
</div>
</div>
<p><a href="https://sanier.pl/wp-content/uploads/2017/04/PDBL_FeinPutz_Extra.pdf" target="_blank" rel="noopener"><span class="HwtZe" lang="sk"><span class="jCAhz ChMk0b"><span class="ryNqvb">PerlaFine (FeinPutz Extra) Technický list</span></span></span></a>[/vc_column_text][/vc_column][/vc_row]</p>

<div class="flex max-w-full flex-col flex-grow">
<div class="min-h-8 text-message relative flex w-full flex-col items-end gap-2 whitespace-normal break-words text-start [.text-message+&amp;]:mt-5" dir="auto" data-message-author-role="assistant" data-message-id="d3b5f52e-3601-4c84-8e60-1172c9ba25c6" data-message-model-slug="gpt-4o-mini">
<div class="flex w-full flex-col gap-1 empty:hidden first:pt-[3px]">
<p data-start="0" data-end="133" data-is-last-node="" data-is-only-node="">PerlaFine je fabrične pripravená, suchá, jemnozrnna omietková zmes v prirodzene bielej farbe, určená na ručnú aplikáciu, určená na vnútorné steny.</p>
</div>
</div>
</div>
<div class="mb-2 flex gap-3 -ml-2" tabindex="0">
<div class="flex items-center justify-start rounded-xl p-1">
<div class="flex items-center"></div>
</div>
</div>
