{"id":279156,"date":"2017-04-10T08:54:49","date_gmt":"2017-04-10T08:54:49","guid":{"rendered":"https:\/\/www.sanier.pl\/produkt\/mapegum-wps\/"},"modified":"2025-03-12T14:56:13","modified_gmt":"2025-03-12T14:56:13","slug":"mapegum-wps","status":"publish","type":"product","link":"https:\/\/www.sanier.pl\/sk\/produkt\/mapegum-wps\/","title":{"rendered":"Mapegum WPS"},"content":{"rendered":"<p>[vc_row][vc_column][vc_column_text]<img loading=\"lazy\" decoding=\"async\" class=\"size-full wp-image-3298 aligncenter\" src=\"https:\/\/sanier.pl\/wp-content\/uploads\/2017\/03\/mapei_logo-e1491162400179.jpg\" alt=\"mapei_logo\" width=\"300\" height=\"75\" \/><\/p>\n<h2 class=\"text-brand text-bold border-gray-bottom padding-bottom-md margin-bottom-md padding-right-big limit-width text-center-xs no-padding-xs padding-xs-bottom-md text-uppercase\"><a href=\"https:\/\/www.mapei.com\/pl\/pl\/produkty-i-rozwiazania\/lista-produktow\/informacje-o-produktach\/mapegum-wps\" target=\"_blank\" rel=\"noopener\"><strong>Mapegum WPS<\/strong><\/a><\/h2>\n<p>[\/vc_column_text][vc_column_text]<\/p>\n<p data-start=\"0\" data-end=\"253\">F\u00f3lia v tekutej forme Mapegum WPS sa vyzna\u010duje flexibilitou, jednoduch\u00fdm pou\u017eit\u00edm a kr\u00e1tkou dobou schnutia. Sl\u00fa\u017ei na vytv\u00e1ranie proti vlhkostn\u00fdch izol\u00e1ci\u00ed vo vn\u00fatri budov. Siv\u00e1 pasta na b\u00e1ze syntetick\u00fdch \u017eiv\u00edc v vodnej disperzii, neobsahuje rozp\u00fa\u0161\u0165adl\u00e1.<\/p>\n<p data-start=\"255\" data-end=\"640\">Mapegum WPS m\u00e1 tixotropn\u00fa konzistenciu, ktor\u00e1 umo\u017e\u0148uje jednoduch\u00e9 nan\u00e1\u0161anie produktu na vertik\u00e1lne, horizont\u00e1lne a \u0161ikm\u00e9 povrchy. Po r\u00fdchlom odparen\u00ed vody, Mapegum WPS sa men\u00ed na elastick\u00fa f\u00f3liu, ktor\u00e1 dobre pri\u013ene k podkladu. Tvor\u00ed vynikaj\u00facu vrstvu pod lepidl\u00e1 pou\u017e\u00edvan\u00e9 na mont\u00e1\u017e keramick\u00fdch dla\u017ed\u00edc a pr\u00edrodn\u00e9ho kame\u0148a. Po zaschnut\u00ed je materi\u00e1l odoln\u00fd vo\u010di miernemu pohybu chodcov.<\/p>\n<p data-start=\"642\" data-end=\"877\" data-is-last-node=\"\" data-is-only-node=\"\">Flexibilita Mapegum WPS umo\u017e\u0148uje vyrovnanie nap\u00e4t\u00ed a deform\u00e1ci\u00ed podkladov sp\u00f4soben\u00fdch teplotn\u00fdmi zmenami alebo vibr\u00e1ciami. Mapegum WPS v\u010faka svojej flexibilite mo\u017eno pou\u017ei\u0165 ako kryciu f\u00f3liu na povrchy n\u00e1chyln\u00e9 na mikropukliny (&lt; 1 mm).<\/p>\n<p>[\/vc_column_text][vc_column_text]<\/p>\n<h3>Vlastnosti:<\/h3>\n<p>[\/vc_column_text][vc_column_text]<\/p>\n<ul>\n<li>vodoodoln\u00fd<\/li>\n<li data-start=\"25\" data-end=\"36\">elastick\u00fd<\/li>\n<li data-start=\"37\" data-end=\"52\">r\u00fdchloschn\u00faci<\/li>\n<li data-start=\"53\" data-end=\"75\">jednoduch\u00e1 aplik\u00e1cia<\/li>\n<li data-start=\"76\" data-end=\"138\" data-is-last-node=\"\">po zaschnut\u00ed je materi\u00e1l odoln\u00fd vo\u010di miernemu pohybu chodcov<\/li>\n<\/ul>\n<p>[\/vc_column_text][vc_column_text]<\/p>\n<h3>Pou\u017eitie:<\/h3>\n<p>[\/vc_column_text][vc_column_text]<\/p>\n<p data-start=\"0\" data-end=\"63\">Mapegum WPS m\u00f4\u017ee by\u0165 pou\u017eit\u00fd na nasleduj\u00face podklady:<\/p>\n<ul data-start=\"64\" data-end=\"597\" data-is-last-node=\"\" data-is-only-node=\"\">\n<li data-start=\"64\" data-end=\"144\">sadrokart\u00f3nov\u00e9 dosky, omietky z sadry a cementu, bloky z p\u00f3robet\u00f3nu, preglejky<\/li>\n<li data-start=\"145\" data-end=\"597\" data-is-last-node=\"\">cementov\u00e9 a anhydritov\u00e9 podlahy, dreven\u00e9 podlahy, magnezitov\u00e9 podlahy, existuj\u00face keramick\u00e9 a pr\u00edrodn\u00e9 kamenn\u00e9 obklady, ktor\u00e9 boli predt\u00fdm o\u0161etren\u00e9 z\u00e1kladn\u00fdm n\u00e1terom Mapeprim SP.<\/li>\n<\/ul>\n<p>[\/vc_column_text][vc_column_text]Vodotesn\u00e1 izol\u00e1cia na pou\u017eitie na sten\u00e1ch a podlah\u00e1ch v interi\u00e9roch, ktor\u00e9 nie s\u00fa vystaven\u00e9 neust\u00e1lemu kontaktu s vodou alebo vzl\u00ednaniu vlhkosti z podkladu. Elastick\u00e1, nebr\u00fasite\u013en\u00e1 membr\u00e1na ur\u010den\u00e1 na podklady, na ktor\u00e9 bud\u00fa aplikovan\u00e9 keramick\u00e9 dla\u017edice a pr\u00edrodn\u00fd kame\u0148.[\/vc_column_text][\/vc_column][\/vc_row][vc_row][vc_column][vc_column_text]<\/p>\n<h3>Pr\u00edklady pou\u017eitia:<\/h3>\n<p>[\/vc_column_text][vc_column_text]<\/p>\n<div class=\"flex max-w-full flex-col flex-grow\">\n<div class=\"min-h-8 text-message relative flex w-full flex-col items-end gap-2 whitespace-normal break-words text-start [.text-message+&amp;]:mt-5\" dir=\"auto\" data-message-author-role=\"assistant\" data-message-id=\"6049687c-cf36-4da1-b017-4209b5c69a4f\" data-message-model-slug=\"gpt-4o-mini\">\n<div class=\"flex w-full flex-col gap-1 empty:hidden first:pt-[3px]\">\n<div class=\"markdown prose w-full break-words dark:prose-invert dark\">\n<ul>\n<li>vodotesn\u00e1 izol\u00e1cia stien a podl\u00e1h v k\u00fape\u013eniach, sprchov\u00fdch kab\u00ednach, pred lepen\u00edm obkladov z keramick\u00fdch dla\u017ed\u00edc a pr\u00edrodn\u00e9ho kame\u0148a<\/li>\n<li data-start=\"154\" data-end=\"281\" data-is-last-node=\"\">vodotesn\u00e1 izol\u00e1cia stien a podl\u00e1h v kuchyniach a na pracovn\u00fdch dosk\u00e1ch, pred lepen\u00edm keramick\u00fdch obkladov a pr\u00edrodn\u00e9ho kame\u0148a<\/li>\n<\/ul>\n<\/div>\n<\/div>\n<\/div>\n<\/div>\n<div class=\"mb-2 flex gap-3 -ml-2\" tabindex=\"0\">\n<div class=\"flex items-center justify-start rounded-xl p-1\">\n<div class=\"flex items-center\"><\/div>\n<\/div>\n<\/div>\n<p>[\/vc_column_text][vc_column_text]<\/p>\n<h3>Spotreba:<\/h3>\n<p>[\/vc_column_text][vc_column_text]- pribli\u017ene 1,5 kg\/m2 na mm hr\u00fabky vrstvy[\/vc_column_text][vc_column_text]<\/p>\n<p id=\"tw-target-text\" class=\"tw-data-text tw-text-large tw-ta\" dir=\"ltr\" data-placeholder=\"T\u0142umaczenie\" data-ved=\"2ahUKEwj586aPnIKMAxW6KxAIHUTtAEMQ3ewLegQICBAU\" aria-label=\"Przet\u0142umaczony tekst: Technick\u00fd list Mapegum WPS\"><a href=\"https:\/\/sanier.pl\/wp-content\/uploads\/2017\/04\/2014-mapegum-wps-pl.pdf\" target=\"_blank\" rel=\"noopener\"><span class=\"Y2IQFc\" lang=\"sk\">Technick\u00fd list Mapegum WPS<\/span><\/a><\/p>\n<p>\u00a0[\/vc_column_text][\/vc_column][\/vc_row]<\/p>\n","protected":false},"excerpt":{"rendered":"<p>Elastick\u00e1, r\u00fdchloschn\u00faca membr\u00e1na na vykon\u00e1vanie izol\u00e1ci\u00ed proti vlhkosti vo vn\u00fatri budovy<\/p>\n","protected":false},"featured_media":264880,"comment_status":"open","ping_status":"closed","template":"","meta":[],"product_brand":[],"product_cat":[876,885,940,884,913],"product_tag":[941],"class_list":{"0":"post-279156","1":"product","2":"type-product","3":"status-publish","4":"has-post-thumbnail","6":"product_cat-hydroizolacja-sk","7":"product_cat-hydroizolacje-lazienek-i-pomieszczen-mokrych-sk","8":"product_cat-mapei-sk","9":"product_cat-materialy-wykonczeniowe-sk","10":"product_cat-z-tworzyw-sztucznych-sk","11":"product_tag-mapei-sk","13":"first","14":"instock","15":"taxable","16":"shipping-taxable","17":"purchasable","18":"product-type-variable"},"_links":{"self":[{"href":"https:\/\/www.sanier.pl\/sk\/wp-json\/wp\/v2\/product\/279156","targetHints":{"allow":["GET"]}}],"collection":[{"href":"https:\/\/www.sanier.pl\/sk\/wp-json\/wp\/v2\/product"}],"about":[{"href":"https:\/\/www.sanier.pl\/sk\/wp-json\/wp\/v2\/types\/product"}],"replies":[{"embeddable":true,"href":"https:\/\/www.sanier.pl\/sk\/wp-json\/wp\/v2\/comments?post=279156"}],"wp:featuredmedia":[{"embeddable":true,"href":"https:\/\/www.sanier.pl\/sk\/wp-json\/wp\/v2\/media\/264880"}],"wp:attachment":[{"href":"https:\/\/www.sanier.pl\/sk\/wp-json\/wp\/v2\/media?parent=279156"}],"wp:term":[{"taxonomy":"product_brand","embeddable":true,"href":"https:\/\/www.sanier.pl\/sk\/wp-json\/wp\/v2\/product_brand?post=279156"},{"taxonomy":"product_cat","embeddable":true,"href":"https:\/\/www.sanier.pl\/sk\/wp-json\/wp\/v2\/product_cat?post=279156"},{"taxonomy":"product_tag","embeddable":true,"href":"https:\/\/www.sanier.pl\/sk\/wp-json\/wp\/v2\/product_tag?post=279156"}],"curies":[{"name":"wp","href":"https:\/\/api.w.org\/{rel}","templated":true}]}}

<p>[vc_row][vc_column][vc_column_text]<img loading="lazy" decoding="async" class="size-full wp-image-3298 aligncenter" src="https://sanier.pl/wp-content/uploads/2017/03/mapei_logo-e1491162400179.jpg" alt="mapei_logo" width="300" height="75" /></p>
<h2 class="text-brand text-bold border-gray-bottom padding-bottom-md margin-bottom-md padding-right-big limit-width text-center-xs no-padding-xs padding-xs-bottom-md text-uppercase"><a href="https://www.mapei.com/pl/pl/produkty-i-rozwiazania/lista-produktow/informacje-o-produktach/mapegum-wps" target="_blank" rel="noopener"><strong>Mapegum WPS</strong></a></h2>
<p>[/vc_column_text][vc_column_text]</p>
<p data-start="0" data-end="253">Fólia v tekutej forme Mapegum WPS sa vyznačuje flexibilitou, jednoduchým použitím a krátkou dobou schnutia. Slúži na vytváranie proti vlhkostných izolácií vo vnútri budov. Sivá pasta na báze syntetických živíc v vodnej disperzii, neobsahuje rozpúšťadlá.</p>
<p data-start="255" data-end="640">Mapegum WPS má tixotropnú konzistenciu, ktorá umožňuje jednoduché nanášanie produktu na vertikálne, horizontálne a šikmé povrchy. Po rýchlom odparení vody, Mapegum WPS sa mení na elastickú fóliu, ktorá dobre priľne k podkladu. Tvorí vynikajúcu vrstvu pod lepidlá používané na montáž keramických dlaždíc a prírodného kameňa. Po zaschnutí je materiál odolný voči miernemu pohybu chodcov.</p>
<p data-start="642" data-end="877" data-is-last-node="" data-is-only-node="">Flexibilita Mapegum WPS umožňuje vyrovnanie napätí a deformácií podkladov spôsobených teplotnými zmenami alebo vibráciami. Mapegum WPS vďaka svojej flexibilite možno použiť ako kryciu fóliu na povrchy náchylné na mikropukliny (&lt; 1 mm).</p>
<p>[/vc_column_text][vc_column_text]</p>
<h3>Vlastnosti:</h3>
<p>[/vc_column_text][vc_column_text]</p>
<ul>
<li>vodoodolný</li>
<li data-start="25" data-end="36">elastický</li>
<li data-start="37" data-end="52">rýchloschnúci</li>
<li data-start="53" data-end="75">jednoduchá aplikácia</li>
<li data-start="76" data-end="138" data-is-last-node="">po zaschnutí je materiál odolný voči miernemu pohybu chodcov</li>
</ul>
<p>[/vc_column_text][vc_column_text]</p>
<h3>Použitie:</h3>
<p>[/vc_column_text][vc_column_text]</p>
<p data-start="0" data-end="63">Mapegum WPS môže byť použitý na nasledujúce podklady:</p>
<ul data-start="64" data-end="597" data-is-last-node="" data-is-only-node="">
<li data-start="64" data-end="144">sadrokartónové dosky, omietky z sadry a cementu, bloky z pórobetónu, preglejky</li>
<li data-start="145" data-end="597" data-is-last-node="">cementové a anhydritové podlahy, drevené podlahy, magnezitové podlahy, existujúce keramické a prírodné kamenné obklady, ktoré boli predtým ošetrené základným náterom Mapeprim SP.</li>
</ul>
<p>[/vc_column_text][vc_column_text]Vodotesná izolácia na použitie na stenách a podlahách v interiéroch, ktoré nie sú vystavené neustálemu kontaktu s vodou alebo vzlínaniu vlhkosti z podkladu. Elastická, nebrúsiteľná membrána určená na podklady, na ktoré budú aplikované keramické dlaždice a prírodný kameň.[/vc_column_text][/vc_column][/vc_row][vc_row][vc_column][vc_column_text]</p>
<h3>Príklady použitia:</h3>
<p>[/vc_column_text][vc_column_text]</p>
<div class="flex max-w-full flex-col flex-grow">
<div class="min-h-8 text-message relative flex w-full flex-col items-end gap-2 whitespace-normal break-words text-start [.text-message+&amp;]:mt-5" dir="auto" data-message-author-role="assistant" data-message-id="6049687c-cf36-4da1-b017-4209b5c69a4f" data-message-model-slug="gpt-4o-mini">
<div class="flex w-full flex-col gap-1 empty:hidden first:pt-[3px]">
<div class="markdown prose w-full break-words dark:prose-invert dark">
<ul>
<li>vodotesná izolácia stien a podláh v kúpeľniach, sprchových kabínach, pred lepením obkladov z keramických dlaždíc a prírodného kameňa</li>
<li data-start="154" data-end="281" data-is-last-node="">vodotesná izolácia stien a podláh v kuchyniach a na pracovných doskách, pred lepením keramických obkladov a prírodného kameňa</li>
</ul>
</div>
</div>
</div>
</div>
<div class="mb-2 flex gap-3 -ml-2" tabindex="0">
<div class="flex items-center justify-start rounded-xl p-1">
<div class="flex items-center"></div>
</div>
</div>
<p>[/vc_column_text][vc_column_text]</p>
<h3>Spotreba:</h3>
<p>[/vc_column_text][vc_column_text]- približne 1,5 kg/m2 na mm hrúbky vrstvy[/vc_column_text][vc_column_text]</p>
<p id="tw-target-text" class="tw-data-text tw-text-large tw-ta" dir="ltr" data-placeholder="Tłumaczenie" data-ved="2ahUKEwj586aPnIKMAxW6KxAIHUTtAEMQ3ewLegQICBAU" aria-label="Przetłumaczony tekst: Technický list Mapegum WPS"><a href="https://sanier.pl/wp-content/uploads/2017/04/2014-mapegum-wps-pl.pdf" target="_blank" rel="noopener"><span class="Y2IQFc" lang="sk">Technický list Mapegum WPS</span></a></p>
<p> [/vc_column_text][/vc_column][/vc_row]</p>

<p>Elastická, rýchloschnúca membrána na vykonávanie izolácií proti vlhkosti vo vnútri budovy</p>
